CRAN Package Check Results for Package Hmisc

Last updated on 2023-04-01 01:52:18 CEST.

Flavor Version Tinstall Tcheck Ttotal Status Flags
r-devel-linux-x86_64-debian-clang 5.0-1 57.68 367.85 425.53 OK
r-devel-linux-x86_64-debian-gcc 5.0-1 45.10 267.57 312.67 OK
r-devel-linux-x86_64-fedora-clang 5.0-1 517.11 OK
r-devel-linux-x86_64-fedora-gcc 5.0-1 528.91 OK
r-devel-windows-x86_64 5.0-1 183.00 480.00 663.00 OK
r-patched-linux-x86_64 5.0-1 70.09 345.55 415.64 OK
r-release-linux-x86_64 5.0-1 37.08 331.87 368.95 OK
r-release-macos-arm64 5.0-1 87.00 OK
r-release-macos-x86_64 5.0-1 147.00 OK
r-release-windows-x86_64 5.0-1 135.00 452.00 587.00 OK
r-oldrel-macos-arm64 5.0-1 84.00 OK
r-oldrel-macos-x86_64 5.0-1 144.00 OK
r-oldrel-windows-ix86+x86_64 5.0-1 97.00 492.00 589.00 NOTE

Check Details

Version: 5.0-1
Check: dependencies in R code
Result: NOTE
    Initiating curl with CURL_SSL_BACKEND: openssl
Flavor: r-oldrel-windows-ix86+x86_64