Last updated on 2024-04-18 01:02:56 CEST.
Flavor | Version | Tinstall | Tcheck | Ttotal | Status | Flags |
---|---|---|---|---|---|---|
r-devel-linux-x86_64-debian-clang | 2.0-1 | 2.92 | 38.91 | 41.83 | NOTE | |
r-devel-linux-x86_64-debian-gcc | 2.0-1 | 2.06 | 28.41 | 30.47 | NOTE | |
r-devel-linux-x86_64-fedora-clang | 2.0-1 | 50.76 | NOTE | |||
r-devel-linux-x86_64-fedora-gcc | 2.0-1 | 47.78 | NOTE | |||
r-prerel-macos-arm64 | 2.0-1 | 18.00 | NOTE | |||
r-prerel-windows-x86_64 | 2.0-1 | 3.00 | 54.00 | 57.00 | NOTE | |
r-patched-linux-x86_64 | 2.0-1 | 2.81 | 36.88 | 39.69 | NOTE | |
r-release-linux-x86_64 | 2.0-1 | 1.98 | 36.28 | 38.26 | OK | |
r-release-macos-arm64 | 2.0-1 | 24.00 | OK | |||
r-release-macos-x86_64 | 2.0-1 | 31.00 | OK | |||
r-release-windows-x86_64 | 2.0-1 | 5.00 | 55.00 | 60.00 | OK | |
r-oldrel-macos-arm64 | 2.0-1 | 21.00 | OK | |||
r-oldrel-windows-x86_64 | 2.0-1 | 4.00 | 61.00 | 65.00 | OK |
Version: 2.0-1
Check: Rd metadata
Result: NOTE
Invalid package aliases in Rd file 'HydroMe-package.Rd':
‘HydroMe2-package’
Flavors: r-devel-linux-x86_64-debian-clang, r-devel-linux-x86_64-debian-gcc, r-devel-linux-x86_64-fedora-clang, r-devel-linux-x86_64-fedora-gcc, r-prerel-macos-arm64, r-prerel-windows-x86_64, r-patched-linux-x86_64