Last updated on 2023-06-08 08:55:23 CEST.
Flavor | Version | Tinstall | Tcheck | Ttotal | Status | Flags |
---|---|---|---|---|---|---|
r-devel-linux-x86_64-debian-clang | 4.0.2 | 27.99 | 46.84 | 74.83 | OK | |
r-devel-linux-x86_64-debian-gcc | 4.0.2 | 25.35 | 37.41 | 62.76 | OK | |
r-devel-linux-x86_64-fedora-clang | 4.0.2 | 110.23 | OK | |||
r-devel-linux-x86_64-fedora-gcc | 4.0.2 | 119.46 | OK | |||
r-devel-windows-x86_64 | 4.0.2 | 27.00 | 85.00 | 112.00 | OK | |
r-patched-linux-x86_64 | 4.0.2 | 28.12 | 44.96 | 73.08 | OK | |
r-release-linux-x86_64 | 4.0.2 | 25.77 | 46.16 | 71.93 | OK | |
r-release-macos-arm64 | 4.0.2 | 50.00 | NOTE | |||
r-release-macos-x86_64 | 4.0.2 | 64.00 | NOTE | |||
r-release-windows-x86_64 | 4.0.2 | 33.00 | 97.00 | 130.00 | OK | |
r-oldrel-macos-arm64 | 4.0.2 | 40.00 | NOTE | |||
r-oldrel-macos-x86_64 | 4.0.2 | 54.00 | NOTE | |||
r-oldrel-windows-x86_64 | 4.0.2 | 32.00 | 99.00 | 131.00 | OK |
Version: 4.0.2
Check: installed package size
Result: NOTE
installed size is 5.2Mb
sub-directories of 1Mb or more:
libs 5.1Mb
Flavors: r-release-macos-arm64, r-oldrel-macos-arm64, r-oldrel-macos-x86_64
Version: 4.0.2
Check: package dependencies
Result: NOTE
Package suggested but not available for checking: ‘jack’
Flavor: r-release-macos-x86_64