Last updated on 2024-04-17 16:53:09 CEST.
Flavor | Version | Tinstall | Tcheck | Ttotal | Status | Flags |
---|---|---|---|---|---|---|
r-devel-linux-x86_64-debian-clang | 1.0.0 | 36.10 | 118.88 | 154.98 | OK | |
r-devel-linux-x86_64-debian-gcc | 1.0.0 | 21.17 | 90.41 | 111.58 | OK | |
r-devel-linux-x86_64-fedora-clang | 1.0.0 | 189.67 | OK | |||
r-devel-linux-x86_64-fedora-gcc | 1.0.0 | 204.42 | OK | |||
r-prerel-macos-arm64 | 1.0.0 | 81.00 | NOTE | |||
r-prerel-macos-x86_64 | 1.0.0 | 151.00 | NOTE | |||
r-prerel-windows-x86_64 | 1.0.0 | 25.00 | 187.00 | 212.00 | OK | |
r-patched-linux-x86_64 | 1.0.0 | 33.97 | 113.07 | 147.04 | OK | |
r-release-linux-x86_64 | 1.0.0 | 22.98 | 109.88 | 132.86 | OK | |
r-release-macos-arm64 | 1.0.0 | 82.00 | NOTE | |||
r-release-macos-x86_64 | 1.0.0 | 155.00 | NOTE | |||
r-release-windows-x86_64 | 1.0.0 | 35.00 | 201.00 | 236.00 | NOTE | |
r-oldrel-macos-arm64 | 1.0.0 | 74.00 | NOTE | |||
r-oldrel-windows-x86_64 | 1.0.0 | 31.00 | 190.00 | 221.00 | NOTE |
Version: 1.0.0
Check: installed package size
Result: NOTE
installed size is 5.0Mb
sub-directories of 1Mb or more:
data 2.1Mb
doc 1.6Mb
Flavors: r-prerel-macos-arm64, r-prerel-macos-x86_64, r-release-macos-arm64, r-release-macos-x86_64, r-release-windows-x86_64, r-oldrel-macos-arm64, r-oldrel-windows-x86_64