CRAN Package Check Results for Package ICED

Last updated on 2024-02-29 08:48:56 CET.

Flavor Version Tinstall Tcheck Ttotal Status Flags
r-devel-linux-x86_64-debian-clang 0.0.1 5.00 50.83 55.83 OK
r-devel-linux-x86_64-debian-gcc 0.0.1 4.02 37.89 41.91 OK
r-devel-linux-x86_64-fedora-clang 0.0.1 68.60 NOTE
r-devel-linux-x86_64-fedora-gcc 0.0.1 74.81 NOTE
r-devel-windows-x86_64 0.0.1 5.00 58.00 63.00 OK
r-patched-linux-x86_64 0.0.1 5.96 49.01 54.97 OK
r-release-linux-x86_64 0.0.1 4.99 48.61 53.60 OK
r-release-macos-arm64 0.0.1 30.00 OK
r-release-macos-x86_64 0.0.1 42.00 OK
r-release-windows-x86_64 0.0.1 7.00 64.00 71.00 OK
r-oldrel-macos-arm64 0.0.1 20.00 NOTE
r-oldrel-windows-x86_64 0.0.1 8.00 71.00 79.00 OK

Check Details

Version: 0.0.1
Check: dependencies in R code
Result: NOTE Namespace in Imports field not imported from: ‘knitr’ All declared Imports should be used. Flavors: r-devel-linux-x86_64-fedora-clang, r-devel-linux-x86_64-fedora-gcc, r-oldrel-macos-arm64