CRAN Package Check Results for Package IDSA

Last updated on 2022-12-05 08:51:23 CET.

Flavor Version Tinstall Tcheck Ttotal Status Flags
r-devel-linux-x86_64-debian-clang 2.1 7.07 74.07 81.14 OK
r-devel-linux-x86_64-debian-gcc 2.1 5.51 55.58 61.09 OK
r-devel-linux-x86_64-fedora-clang 2.1 108.71 NOTE
r-devel-linux-x86_64-fedora-gcc 2.1 116.91 NOTE
r-devel-windows-x86_64 2.1 17.00 110.00 127.00 OK
r-patched-linux-x86_64 2.1 6.28 67.46 73.74 OK
r-release-linux-x86_64 2.1 6.20 68.82 75.02 OK
r-release-macos-arm64 2.1 32.00 NOTE
r-release-macos-x86_64 2.1 63.00 NOTE
r-release-windows-x86_64 2.1 21.00 114.00 135.00 OK
r-oldrel-macos-arm64 2.1 37.00 NOTE
r-oldrel-macos-x86_64 2.1 46.00 NOTE
r-oldrel-windows-ix86+x86_64 2.1 20.00 108.00 128.00 OK

Check Details

Version: 2.1
Check: dependencies in R code
Result: NOTE
    Namespace in Imports field not imported from: ‘kableExtra’
     All declared Imports should be used.
Flavors: r-devel-linux-x86_64-fedora-clang, r-devel-linux-x86_64-fedora-gcc, r-release-macos-arm64, r-release-macos-x86_64, r-oldrel-macos-arm64, r-oldrel-macos-x86_64