CRAN Package Check Results for Package IFC

Last updated on 2024-02-29 00:55:42 CET.

Flavor Version Tinstall Tcheck Ttotal Status Flags
r-devel-linux-x86_64-debian-clang 0.2.1 67.58 173.19 240.77 NOTE
r-devel-linux-x86_64-debian-gcc 0.2.1 60.99 124.56 185.55 NOTE
r-devel-linux-x86_64-fedora-clang 0.2.1 303.54 NOTE
r-devel-linux-x86_64-fedora-gcc 0.2.1 309.91 NOTE
r-devel-windows-x86_64 0.2.1 62.00 175.00 237.00 NOTE
r-patched-linux-x86_64 0.2.1 66.33 162.80 229.13 NOTE
r-release-linux-x86_64 0.2.1 52.87 165.12 217.99 NOTE
r-release-macos-arm64 0.2.1 78.00 NOTE
r-release-macos-x86_64 0.2.1 149.00 NOTE
r-release-windows-x86_64 0.2.1 79.00 209.00 288.00 NOTE
r-oldrel-macos-arm64 0.2.1 69.00 NOTE
r-oldrel-windows-x86_64 0.2.1 82.00 165.00 247.00 NOTE

Check Details

Version: 0.2.1
Check: package dependencies
Result: NOTE Package suggested but not available for checking: ‘IFCdata’ Flavors: r-devel-linux-x86_64-debian-clang, r-devel-linux-x86_64-debian-gcc, r-devel-linux-x86_64-fedora-clang, r-devel-linux-x86_64-fedora-gcc, r-devel-windows-x86_64, r-patched-linux-x86_64, r-release-linux-x86_64, r-release-macos-arm64, r-release-macos-x86_64, r-release-windows-x86_64, r-oldrel-macos-arm64, r-oldrel-windows-x86_64

Version: 0.2.1
Check: installed package size
Result: NOTE installed size is 6.5Mb sub-directories of 1Mb or more: R 1.1Mb libs 4.6Mb Flavors: r-release-macos-arm64, r-release-macos-x86_64, r-oldrel-macos-arm64