Last updated on 2024-04-20 08:50:57 CEST.
Flavor | Version | Tinstall | Tcheck | Ttotal | Status | Flags |
---|---|---|---|---|---|---|
r-devel-linux-x86_64-debian-clang | 0.3.4 | 23.49 | 101.40 | 124.89 | OK | |
r-devel-linux-x86_64-debian-gcc | 0.3.4 | 15.22 | 73.63 | 88.85 | OK | |
r-devel-linux-x86_64-fedora-clang | 0.3.4 | 159.17 | NOTE | |||
r-devel-linux-x86_64-fedora-gcc | 0.3.4 | 148.39 | OK | |||
r-prerel-macos-arm64 | 0.3.4 | 42.00 | OK | |||
r-prerel-windows-x86_64 | 0.3.4 | 17.00 | 85.00 | 102.00 | OK | |
r-patched-linux-x86_64 | 0.3.4 | 12.54 | 92.79 | 105.33 | OK | |
r-release-linux-x86_64 | 0.3.4 | 17.49 | 95.75 | 113.24 | OK | |
r-release-macos-arm64 | 0.3.4 | 47.00 | OK | |||
r-release-macos-x86_64 | 0.3.4 | 76.00 | OK | |||
r-release-windows-x86_64 | 0.3.4 | 22.00 | 103.00 | 125.00 | OK | |
r-oldrel-macos-arm64 | 0.3.4 | 37.00 | OK | |||
r-oldrel-windows-x86_64 | 0.3.4 | 23.00 | 115.00 | 138.00 | OK |
Version: 0.3.4
Check: package dependencies
Result: NOTE
Imports includes 31 non-default packages.
Importing from so many packages makes the package vulnerable to any of
them becoming unavailable. Move as many as possible to Suggests and
use conditionally.
Flavor: r-devel-linux-x86_64-fedora-clang