CRAN Package Check Results for Package IMD

Last updated on 2021-12-02 16:52:00 CET.

Flavor Version Tinstall Tcheck Ttotal Status Flags
r-devel-linux-x86_64-debian-clang 1.0.2 4.98 33.09 38.07 OK
r-devel-linux-x86_64-debian-gcc 1.0.2 4.21 25.56 29.77 OK
r-devel-linux-x86_64-fedora-clang 1.0.2 59.64 NOTE
r-devel-linux-x86_64-fedora-gcc 1.0.2 47.54 NOTE
r-devel-windows-x86_64-new-UL 1.0.2 14.00 74.00 88.00 OK
r-devel-windows-x86_64-new-TK 1.0.2 NOTE
r-devel-windows-x86_64-old 1.0.2 10.00 45.00 55.00 OK
r-patched-linux-x86_64 1.0.2 5.39 31.14 36.53 OK
r-patched-solaris-x86 1.0.2 71.10 NOTE
r-release-linux-x86_64 1.0.2 4.88 31.23 36.11 OK
r-release-macos-arm64 1.0.2 NOTE
r-release-macos-x86_64 1.0.2 NOTE
r-release-windows-ix86+x86_64 1.0.2 12.00 51.00 63.00 OK

Check Details

Version: 1.0.2
Check: dependencies in R code
Result: NOTE
    Namespaces in Imports field not imported from:
     ‘Hmisc’ ‘devtools’ ‘httr’ ‘readODS’ ‘readxl’ ‘tidyr’
     All declared Imports should be used.
Flavors: r-devel-linux-x86_64-fedora-clang, r-devel-linux-x86_64-fedora-gcc, r-devel-windows-x86_64-new-TK, r-patched-solaris-x86, r-release-macos-arm64, r-release-macos-x86_64