CRAN Package Check Results for Package IMP

Last updated on 2021-09-28 01:49:26 CEST.

Flavor Version Tinstall Tcheck Ttotal Status Flags
r-devel-linux-x86_64-debian-clang 1.1 5.79 59.23 65.02 NOTE
r-devel-linux-x86_64-debian-gcc 1.1 5.12 44.60 49.72 NOTE
r-devel-linux-x86_64-fedora-clang 1.1 85.61 NOTE
r-devel-linux-x86_64-fedora-gcc 1.1 77.80 NOTE
r-devel-windows-x86_64 1.1 8.00 58.00 66.00 NOTE
r-devel-windows-x86_64-gcc10-UCRT 1.1 NOTE
r-patched-linux-x86_64 1.1 5.26 55.18 60.44 NOTE
r-patched-solaris-x86 1.1 112.60 NOTE
r-release-linux-x86_64 1.1 5.94 56.26 62.20 NOTE
r-release-macos-arm64 1.1 NOTE
r-release-macos-x86_64 1.1 NOTE
r-release-windows-ix86+x86_64 1.1 16.00 80.00 96.00 NOTE
r-oldrel-macos-x86_64 1.1 OK
r-oldrel-windows-ix86+x86_64 1.1 13.00 60.00 73.00 OK

Check Details

Version: 1.1
Check: LazyData
Result: NOTE
     'LazyData' is specified without a 'data' directory
Flavors: r-devel-linux-x86_64-debian-clang, r-devel-linux-x86_64-debian-gcc, r-devel-linux-x86_64-fedora-clang, r-devel-linux-x86_64-fedora-gcc, r-devel-windows-x86_64, r-devel-windows-x86_64-gcc10-UCRT, r-patched-linux-x86_64, r-patched-solaris-x86, r-release-linux-x86_64, r-release-macos-arm64, r-release-macos-x86_64, r-release-windows-ix86+x86_64