CRAN Package Check Results for Package IMmailgun

Last updated on 2021-12-02 00:49:13 CET.

Flavor Version Tinstall Tcheck Ttotal Status Flags
r-devel-linux-x86_64-debian-clang 0.1.2 2.93 18.71 21.64 NOTE
r-devel-linux-x86_64-debian-gcc 0.1.2 2.27 14.67 16.94 NOTE
r-devel-linux-x86_64-fedora-clang 0.1.2 37.48 NOTE
r-devel-linux-x86_64-fedora-gcc 0.1.2 27.76 NOTE
r-devel-windows-x86_64-new-UL 0.1.2 7.00 52.00 59.00 NOTE
r-devel-windows-x86_64-new-TK 0.1.2 NOTE
r-devel-windows-x86_64-old 0.1.2 7.00 27.00 34.00 NOTE
r-patched-linux-x86_64 0.1.2 2.69 17.74 20.43 NOTE
r-patched-solaris-x86 0.1.2 43.80 NOTE
r-release-linux-x86_64 0.1.2 2.13 18.10 20.23 NOTE
r-release-macos-arm64 0.1.2 NOTE
r-release-macos-x86_64 0.1.2 NOTE
r-release-windows-ix86+x86_64 0.1.2 6.00 35.00 41.00 NOTE
r-oldrel-macos-x86_64 0.1.2 OK
r-oldrel-windows-ix86+x86_64 0.1.2 6.00 38.00 44.00 OK

Check Details

Version: 0.1.2
Check: LazyData
Result: NOTE
     'LazyData' is specified without a 'data' directory
Flavors: r-devel-linux-x86_64-debian-clang, r-devel-linux-x86_64-debian-gcc, r-devel-linux-x86_64-fedora-clang, r-devel-linux-x86_64-fedora-gcc, r-devel-windows-x86_64-new-UL, r-devel-windows-x86_64-new-TK, r-devel-windows-x86_64-old, r-patched-linux-x86_64, r-patched-solaris-x86, r-release-linux-x86_64, r-release-macos-arm64, r-release-macos-x86_64, r-release-windows-ix86+x86_64