Last updated on 2024-03-28 23:55:09 CET.
Flavor | Version | Tinstall | Tcheck | Ttotal | Status | Flags |
---|---|---|---|---|---|---|
r-devel-linux-x86_64-debian-clang | 0.1.8.10 | 55.30 | 152.49 | 207.79 | OK | |
r-devel-linux-x86_64-debian-gcc | 0.1.8.10 | 42.25 | 109.83 | 152.08 | OK | |
r-devel-linux-x86_64-fedora-clang | 0.1.8.10 | 260.34 | NOTE | |||
r-devel-linux-x86_64-fedora-gcc | 0.1.8.10 | 257.77 | NOTE | |||
r-devel-windows-x86_64 | 0.1.8.10 | 43.00 | 173.00 | 216.00 | OK | |
r-patched-linux-x86_64 | 0.1.8.10 | 41.06 | 141.86 | 182.92 | OK | |
r-release-linux-x86_64 | 0.1.8.10 | 34.91 | 143.30 | 178.21 | OK | |
r-release-macos-arm64 | 0.1.8.10 | 85.00 | NOTE | |||
r-release-macos-x86_64 | 0.1.8.10 | 157.00 | NOTE | |||
r-release-windows-x86_64 | 0.1.8.10 | 58.00 | 214.00 | 272.00 | OK | |
r-oldrel-macos-arm64 | 0.1.8.10 | 77.00 | OK | |||
r-oldrel-windows-x86_64 | 0.1.8.10 | 57.00 | 193.00 | 250.00 | OK |
Version: 0.1.8.10
Check: data for non-ASCII characters
Result: NOTE
Note: found 102 marked UTF-8 strings
Flavors: r-devel-linux-x86_64-fedora-clang, r-devel-linux-x86_64-fedora-gcc
Version: 0.1.8.10
Check: installed package size
Result: NOTE
installed size is 5.1Mb
sub-directories of 1Mb or more:
data 1.4Mb
libs 1.8Mb
shiny-server 1.0Mb
Flavors: r-release-macos-arm64, r-release-macos-x86_64