CRAN Package Check Results for Package IOHanalyzer

Last updated on 2021-09-27 16:50:18 CEST.

Flavor Version Tinstall Tcheck Ttotal Status Flags
r-devel-linux-x86_64-debian-clang 0.1.5.2 50.68 125.36 176.04 OK
r-devel-linux-x86_64-debian-gcc 0.1.5.2 34.78 85.34 120.12 ERROR
r-devel-linux-x86_64-fedora-clang 0.1.5.2 219.40 ERROR
r-devel-linux-x86_64-fedora-gcc 0.1.5.2 204.00 ERROR
r-devel-windows-x86_64 0.1.5.2 44.00 123.00 167.00 OK
r-devel-windows-x86_64-gcc10-UCRT 0.1.5.2 NOTE
r-patched-linux-x86_64 0.1.5.2 41.49 112.29 153.78 OK
r-patched-solaris-x86 0.1.5.2 234.50 NOTE
r-release-linux-x86_64 0.1.5.2 38.17 112.06 150.23 OK
r-release-macos-arm64 0.1.5.2 NOTE
r-release-macos-x86_64 0.1.5.2 NOTE
r-release-windows-ix86+x86_64 0.1.5.2 102.00 224.00 326.00 NOTE
r-oldrel-macos-x86_64 0.1.5.2 NOTE
r-oldrel-windows-ix86+x86_64 0.1.5.2 76.00 171.00 247.00 NOTE

Check Details

Version: 0.1.5.2
Check: examples
Result: ERROR
    Running examples in ‘IOHanalyzer-Ex.R’ failed
    The error most likely occurred in:
    
    > base::assign(".ptime", proc.time(), pos = "CheckExEnv")
    > ### Name: get_overview
    > ### Title: Get condensed overview of datasets
    > ### Aliases: get_overview get_overview.DataSet get_overview.DataSetList
    >
    > ### ** Examples
    >
    > get_overview(dsl)
    Error in merge.data.table(merge(p1, p2), p3) :
     A non-empty vector of column names for `by` is required.
    Calls: get_overview ... get_overview.DataSetList -> merge -> merge.data.table
    Execution halted
Flavor: r-devel-linux-x86_64-debian-gcc

Version: 0.1.5.2
Check: dependencies in R code
Result: NOTE
    Namespaces in Imports field not imported from:
     ‘DT’ ‘bsplus’ ‘colourpicker’ ‘kableExtra’ ‘markdown’ ‘shinyjs’
     All declared Imports should be used.
Flavors: r-devel-linux-x86_64-fedora-clang, r-devel-linux-x86_64-fedora-gcc, r-devel-windows-x86_64-gcc10-UCRT, r-patched-solaris-x86, r-release-macos-arm64, r-release-macos-x86_64, r-oldrel-macos-x86_64

Version: 0.1.5.2
Check: data for non-ASCII characters
Result: NOTE
     Note: found 75 marked UTF-8 strings
Flavors: r-devel-linux-x86_64-fedora-clang, r-devel-linux-x86_64-fedora-gcc, r-devel-windows-x86_64-gcc10-UCRT, r-patched-solaris-x86, r-release-macos-arm64, r-release-macos-x86_64, r-oldrel-macos-x86_64

Version: 0.1.5.2
Check: examples
Result: ERROR
    Running examples in ‘IOHanalyzer-Ex.R’ failed
    The error most likely occurred in:
    
    > ### Name: get_overview
    > ### Title: Get condensed overview of datasets
    > ### Aliases: get_overview get_overview.DataSet get_overview.DataSetList
    >
    > ### ** Examples
    >
    > get_overview(dsl)
    Error in merge.data.table(merge(p1, p2), p3) :
     A non-empty vector of column names for `by` is required.
    Calls: get_overview ... get_overview.DataSetList -> merge -> merge.data.table
    Execution halted
Flavors: r-devel-linux-x86_64-fedora-clang, r-devel-linux-x86_64-fedora-gcc

Version: 0.1.5.2
Check: package dependencies
Result: NOTE
    Package suggested but not available for checking: ‘ComplexHeatmap’
Flavor: r-release-macos-arm64

Version: 0.1.5.2
Check: installed package size
Result: NOTE
     installed size is 5.3Mb
     sub-directories of 1Mb or more:
     data 1.4Mb
     libs 2.1Mb
Flavors: r-release-macos-arm64, r-release-windows-ix86+x86_64, r-oldrel-windows-ix86+x86_64