Last updated on 2023-06-02 18:52:47 CEST.
Flavor | Version | Tinstall | Tcheck | Ttotal | Status | Flags |
---|---|---|---|---|---|---|
r-devel-linux-x86_64-debian-clang | 0.1.4 | 49.78 | 33.97 | 83.75 | NOTE | |
r-devel-linux-x86_64-debian-gcc | 0.1.4 | 44.79 | 26.87 | 71.66 | NOTE | |
r-devel-linux-x86_64-fedora-clang | 0.1.4 | 133.20 | NOTE | |||
r-devel-linux-x86_64-fedora-gcc | 0.1.4 | 140.44 | NOTE | |||
r-devel-windows-x86_64 | 0.1.4 | 54.00 | 75.00 | 129.00 | NOTE | |
r-patched-linux-x86_64 | 0.1.4 | NOTE | ||||
r-release-linux-x86_64 | 0.1.4 | 54.78 | 32.79 | 87.57 | NOTE | |
r-release-macos-arm64 | 0.1.4 | 40.00 | NOTE | |||
r-release-macos-x86_64 | 0.1.4 | 63.00 | NOTE | |||
r-release-windows-x86_64 | 0.1.4 | 57.00 | 84.00 | 141.00 | NOTE | |
r-oldrel-macos-arm64 | 0.1.4 | 38.00 | NOTE | |||
r-oldrel-macos-x86_64 | 0.1.4 | 45.00 | NOTE | |||
r-oldrel-windows-x86_64 | 0.1.4 | 69.00 | 83.00 | 152.00 | NOTE |
Version: 0.1.4
Check: C++ specification
Result: NOTE
Specified C++11: please drop specification unless essential
Flavors: r-devel-linux-x86_64-debian-clang, r-devel-linux-x86_64-debian-gcc, r-devel-linux-x86_64-fedora-clang, r-devel-linux-x86_64-fedora-gcc, r-devel-windows-x86_64, r-patched-linux-x86_64, r-release-linux-x86_64, r-release-macos-arm64, r-release-macos-x86_64, r-release-windows-x86_64
Version: 0.1.4
Check: LazyData
Result: NOTE
'LazyData' is specified without a 'data' directory
Flavors: r-devel-linux-x86_64-debian-clang, r-devel-linux-x86_64-debian-gcc, r-devel-linux-x86_64-fedora-clang, r-devel-linux-x86_64-fedora-gcc, r-devel-windows-x86_64, r-patched-linux-x86_64, r-release-linux-x86_64, r-release-macos-arm64, r-release-macos-x86_64, r-release-windows-x86_64, r-oldrel-macos-arm64, r-oldrel-macos-x86_64, r-oldrel-windows-x86_64
Version: 0.1.4
Check: installed package size
Result: NOTE
installed size is 6.8Mb
sub-directories of 1Mb or more:
libs 6.7Mb
Flavors: r-release-macos-arm64, r-release-macos-x86_64, r-oldrel-macos-arm64, r-oldrel-macos-x86_64