CRAN Package Check Results for Package IPDFileCheck

Last updated on 2022-06-26 12:54:49 CEST.

Flavor Version Tinstall Tcheck Ttotal Status Flags
r-devel-linux-x86_64-debian-clang 0.7.5 16.03 168.41 184.44 OK
r-devel-linux-x86_64-debian-gcc 0.7.5 13.49 125.57 139.06 OK
r-devel-linux-x86_64-fedora-clang 0.7.5 225.22 WARN
r-devel-linux-x86_64-fedora-gcc 0.7.5 225.55 WARN
r-devel-windows-x86_64 0.7.5 87.00 230.00 317.00 OK
r-patched-linux-x86_64 0.7.5 16.72 160.39 177.11 OK
r-release-linux-x86_64 0.7.5 14.38 156.47 170.85 OK
r-release-macos-arm64 0.7.5 60.00 NOTE
r-release-macos-x86_64 0.7.5 117.00 NOTE
r-release-windows-x86_64 0.7.5 62.00 242.00 304.00 OK
r-oldrel-macos-arm64 0.7.5 56.00 NOTE
r-oldrel-macos-x86_64 0.7.5 82.00 NOTE
r-oldrel-windows-ix86+x86_64 0.7.5 51.00 216.00 267.00 OK

Check Details

Version: 0.7.5
Check: package dependencies
Result: WARN
    Requires (indirectly) orphaned package: ‘gtools’
Flavors: r-devel-linux-x86_64-fedora-clang, r-devel-linux-x86_64-fedora-gcc

Version: 0.7.5
Check: dependencies in R code
Result: NOTE
    Namespaces in Imports field not imported from:
     ‘gmodels’ ‘lmtest’ ‘testthat’ ‘tidyverse’ ‘zoo’
     All declared Imports should be used.
Flavors: r-devel-linux-x86_64-fedora-clang, r-devel-linux-x86_64-fedora-gcc, r-release-macos-arm64, r-release-macos-x86_64, r-oldrel-macos-arm64, r-oldrel-macos-x86_64