CRAN Package Check Results for Package IRCcheck

Last updated on 2024-05-20 00:51:54 CEST.

Flavor Version Tinstall Tcheck Ttotal Status Flags
r-devel-linux-x86_64-debian-clang 1.0.0 5.98 56.12 62.10 NOTE
r-devel-linux-x86_64-debian-gcc 1.0.0 5.27 41.84 47.11 NOTE
r-devel-linux-x86_64-fedora-clang 1.0.0 80.88 NOTE
r-devel-linux-x86_64-fedora-gcc 1.0.0 128.63 NOTE
r-devel-windows-x86_64 1.0.0 7.00 60.00 67.00 NOTE
r-patched-linux-x86_64 1.0.0 4.41 53.15 57.56 NOTE
r-release-linux-x86_64 1.0.0 6.43 52.18 58.61 NOTE
r-release-macos-arm64 1.0.0 27.00 NOTE
r-release-windows-x86_64 1.0.0 7.00 62.00 69.00 NOTE
r-oldrel-macos-arm64 1.0.0 29.00 NOTE
r-oldrel-macos-x86_64 1.0.0 39.00 NOTE
r-oldrel-windows-x86_64 1.0.0 8.00 68.00 76.00 NOTE

Check Details

Version: 1.0.0
Check: Rd files
Result: NOTE checkRd: (-1) constrained.Rd:49: Escaped LaTeX specials: \& Flavors: r-devel-linux-x86_64-debian-clang, r-devel-linux-x86_64-debian-gcc, r-devel-linux-x86_64-fedora-clang, r-devel-linux-x86_64-fedora-gcc, r-devel-windows-x86_64, r-patched-linux-x86_64, r-release-linux-x86_64, r-release-macos-arm64, r-release-windows-x86_64, r-oldrel-macos-arm64, r-oldrel-macos-x86_64, r-oldrel-windows-x86_64

Version: 1.0.0
Check: dependencies in R code
Result: NOTE Namespaces in Imports field not imported from: ‘Rdpack’ ‘glmnet’ All declared Imports should be used. Flavors: r-devel-linux-x86_64-fedora-clang, r-devel-linux-x86_64-fedora-gcc