Last updated on 2024-04-18 01:02:57 CEST.
Flavor | Version | Tinstall | Tcheck | Ttotal | Status | Flags |
---|---|---|---|---|---|---|
r-devel-linux-x86_64-debian-clang | 1.6.6 | 17.39 | 82.47 | 99.86 | NOTE | |
r-devel-linux-x86_64-debian-gcc | 1.6.6 | 14.80 | 60.93 | 75.73 | NOTE | |
r-devel-linux-x86_64-fedora-clang | 1.6.6 | 121.29 | NOTE | |||
r-devel-linux-x86_64-fedora-gcc | 1.6.6 | 128.56 | NOTE | |||
r-prerel-macos-arm64 | 1.6.6 | 143.00 | NOTE | |||
r-prerel-windows-x86_64 | 1.6.6 | 47.00 | 147.00 | 194.00 | NOTE | |
r-patched-linux-x86_64 | 1.6.6 | 20.71 | 75.97 | 96.68 | NOTE | |
r-release-linux-x86_64 | 1.6.6 | 15.51 | 76.99 | 92.50 | OK | |
r-release-macos-arm64 | 1.6.6 | 145.00 | OK | |||
r-release-macos-x86_64 | 1.6.6 | 174.00 | OK | |||
r-release-windows-x86_64 | 1.6.6 | 52.00 | 136.00 | 188.00 | OK | |
r-oldrel-macos-arm64 | 1.6.6 | 142.00 | OK | |||
r-oldrel-windows-x86_64 | 1.6.6 | 47.00 | 135.00 | 182.00 | OK |
Version: 1.6.6
Check: Rd files
Result: NOTE
checkRd: (-1) getTimeseries.Rd:30: Lost braces
30 | \code{processing}{optional character string with processing commands }
| ^
checkRd: (-1) mergeTraces.Rd:27: Lost braces in \itemize; meant \describe ?
checkRd: (-1) mergeTraces.Rd:28: Lost braces in \itemize; meant \describe ?
checkRd: (-1) psdStatistics.Rd:26: Lost braces in \itemize; \value handles \item{}{} directly
checkRd: (-1) psdStatistics.Rd:27: Lost braces in \itemize; \value handles \item{}{} directly
checkRd: (-1) psdStatistics.Rd:28: Lost braces in \itemize; \value handles \item{}{} directly
checkRd: (-1) psdStatistics.Rd:29: Lost braces in \itemize; \value handles \item{}{} directly
checkRd: (-1) psdStatistics.Rd:30: Lost braces in \itemize; \value handles \item{}{} directly
checkRd: (-1) psdStatistics.Rd:31: Lost braces in \itemize; \value handles \item{}{} directly
checkRd: (-1) psdStatistics.Rd:32: Lost braces in \itemize; \value handles \item{}{} directly
checkRd: (-1) psdStatistics.Rd:33: Lost braces in \itemize; \value handles \item{}{} directly
checkRd: (-1) psdStatistics.Rd:34: Lost braces in \itemize; \value handles \item{}{} directly
checkRd: (-1) psdStatistics.Rd:35: Lost braces in \itemize; \value handles \item{}{} directly
checkRd: (-1) psdStatistics.Rd:36: Lost braces in \itemize; \value handles \item{}{} directly
checkRd: (-1) psdStatistics.Rd:37: Lost braces in \itemize; \value handles \item{}{} directly
checkRd: (-1) psdStatistics.Rd:38: Lost braces in \itemize; \value handles \item{}{} directly
Flavors: r-devel-linux-x86_64-debian-clang, r-devel-linux-x86_64-debian-gcc, r-devel-linux-x86_64-fedora-clang, r-devel-linux-x86_64-fedora-gcc, r-prerel-macos-arm64, r-prerel-windows-x86_64, r-patched-linux-x86_64