Last updated on 2024-03-28 15:49:50 CET.
Flavor | Version | Tinstall | Tcheck | Ttotal | Status | Flags |
---|---|---|---|---|---|---|
r-devel-linux-x86_64-debian-clang | 1.1.3 | 29.21 | 57.75 | 86.96 | NOTE | |
r-devel-linux-x86_64-debian-gcc | 1.1.3 | 21.61 | 44.05 | 65.66 | NOTE | |
r-devel-linux-x86_64-fedora-clang | 1.1.3 | 119.58 | NOTE | |||
r-devel-linux-x86_64-fedora-gcc | 1.1.3 | 125.69 | NOTE | |||
r-devel-windows-x86_64 | 1.1.3 | 26.00 | 98.00 | 124.00 | NOTE | |
r-patched-linux-x86_64 | 1.1.3 | 26.17 | 54.83 | 81.00 | NOTE | |
r-release-linux-x86_64 | 1.1.3 | 28.79 | 54.76 | 83.55 | NOTE | |
r-release-macos-arm64 | 1.1.3 | 40.00 | NOTE | |||
r-release-macos-x86_64 | 1.1.3 | 64.00 | NOTE | |||
r-release-windows-x86_64 | 1.1.3 | 32.00 | 108.00 | 140.00 | NOTE | |
r-oldrel-macos-arm64 | 1.1.3 | 37.00 | OK | |||
r-oldrel-windows-x86_64 | 1.1.3 | 30.00 | 107.00 | 137.00 | OK |
Version: 1.1.3
Check: Rd files
Result: NOTE
checkRd: (-1) ISOpureS1.model_optimize.kappa.kappa_deriv_loglikelihood.Rd:9: Escaped LaTeX specials: \$
checkRd: (-1) ISOpureS1.model_optimize.kappa.kappa_deriv_loglikelihood.Rd:14: Escaped LaTeX specials: \$
checkRd: (-1) ISOpureS1.model_optimize.kappa.kappa_loglikelihood.Rd:11: Escaped LaTeX specials: \$
checkRd: (-1) ISOpureS2.model_optimize.kappa.kappa_deriv_loglikelihood.Rd:11: Escaped LaTeX specials: \$
checkRd: (-1) ISOpureS2.model_optimize.kappa.kappa_loglikelihood.Rd:11: Escaped LaTeX specials: \$
Flavors: r-devel-linux-x86_64-debian-clang, r-devel-linux-x86_64-debian-gcc, r-devel-linux-x86_64-fedora-clang, r-devel-linux-x86_64-fedora-gcc, r-devel-windows-x86_64, r-patched-linux-x86_64, r-release-linux-x86_64, r-release-macos-arm64, r-release-macos-x86_64, r-release-windows-x86_64