Last updated on 2024-04-26 00:56:24 CEST.
Flavor | Version | Tinstall | Tcheck | Ttotal | Status | Flags |
---|---|---|---|---|---|---|
r-devel-linux-x86_64-debian-clang | 2.5.5 | 31.86 | 292.14 | 324.00 | NOTE | |
r-devel-linux-x86_64-debian-gcc | 2.5.5 | 25.68 | 208.21 | 233.89 | NOTE | |
r-devel-linux-x86_64-fedora-clang | 2.5.5 | 403.33 | NOTE | |||
r-devel-linux-x86_64-fedora-gcc | 2.5.5 | 375.77 | NOTE | |||
r-devel-windows-x86_64 | 2.5.5 | 26.00 | 190.00 | 216.00 | NOTE | |
r-patched-linux-x86_64 | 2.5.5 | 21.27 | 280.18 | 301.45 | NOTE | |
r-release-linux-x86_64 | 2.5.5 | 19.89 | 279.99 | 299.88 | OK | |
r-release-macos-arm64 | 2.5.5 | 88.00 | NOTE | |||
r-release-windows-x86_64 | 2.5.5 | 23.00 | 189.00 | 212.00 | NOTE | |
r-oldrel-macos-arm64 | 2.5.5 | 92.00 | OK | |||
r-oldrel-macos-x86_64 | 2.5.5 | 289.00 | OK | |||
r-oldrel-windows-x86_64 | 2.5.5 | 34.00 | 255.00 | 289.00 | OK |
Version: 2.5.5
Check: Rd files
Result: NOTE
checkRd: (-1) is_israd_database.Rd:19: Lost braces in \itemize; meant \describe ?
checkRd: (-1) is_israd_database.Rd:20: Lost braces in \itemize; meant \describe ?
checkRd: (-1) is_israd_database.Rd:21: Lost braces in \itemize; meant \describe ?
checkRd: (-1) is_israd_database.Rd:22: Lost braces in \itemize; meant \describe ?
checkRd: (-1) is_israd_database.Rd:23: Lost braces in \itemize; meant \describe ?
checkRd: (-1) is_israd_database.Rd:24: Lost braces in \itemize; meant \describe ?
checkRd: (-1) is_israd_database.Rd:25: Lost braces in \itemize; meant \describe ?
checkRd: (-1) is_israd_database.Rd:26: Lost braces in \itemize; meant \describe ?
Flavors: r-devel-linux-x86_64-debian-clang, r-devel-linux-x86_64-debian-gcc, r-devel-linux-x86_64-fedora-clang, r-devel-linux-x86_64-fedora-gcc, r-devel-windows-x86_64, r-patched-linux-x86_64, r-release-macos-arm64, r-release-windows-x86_64
Version: 2.5.5
Check: data for non-ASCII characters
Result: NOTE
Note: found 1 marked UTF-8 string
Flavors: r-devel-linux-x86_64-fedora-clang, r-devel-linux-x86_64-fedora-gcc