Last updated on 2024-04-18 08:54:34 CEST.
Flavor | Version | Tinstall | Tcheck | Ttotal | Status | Flags |
---|---|---|---|---|---|---|
r-devel-linux-x86_64-debian-clang | 0.1-3 | 23.04 | 177.83 | 200.87 | NOTE | |
r-devel-linux-x86_64-debian-gcc | 0.1-3 | 16.46 | 124.40 | 140.86 | NOTE | |
r-devel-linux-x86_64-fedora-clang | 0.1-3 | 238.59 | NOTE | |||
r-devel-linux-x86_64-fedora-gcc | 0.1-3 | 226.61 | NOTE | |||
r-prerel-macos-arm64 | 0.1-3 | 57.00 | NOTE | |||
r-prerel-windows-x86_64 | 0.1-3 | 17.00 | 122.00 | 139.00 | NOTE | |
r-patched-linux-x86_64 | 0.1-3 | 20.72 | 167.00 | 187.72 | NOTE | |
r-release-linux-x86_64 | 0.1-3 | 18.73 | 170.14 | 188.87 | OK | |
r-release-macos-arm64 | 0.1-3 | 63.00 | OK | |||
r-release-macos-x86_64 | 0.1-3 | 107.00 | OK | |||
r-release-windows-x86_64 | 0.1-3 | 24.00 | 154.00 | 178.00 | OK | |
r-oldrel-macos-arm64 | 0.1-3 | 46.00 | OK | |||
r-oldrel-windows-x86_64 | 0.1-3 | 24.00 | 155.00 | 179.00 | OK |
Version: 0.1-3
Check: Rd files
Result: NOTE
checkRd: (-1) IndexComp.Rd:69: Lost braces in \itemize; \value handles \item{}{} directly
checkRd: (-1) IndexComp.Rd:70: Lost braces in \itemize; \value handles \item{}{} directly
checkRd: (-1) IndexComp.Rd:71: Lost braces in \itemize; \value handles \item{}{} directly
checkRd: (-1) IndexComp.Rd:72: Lost braces in \itemize; \value handles \item{}{} directly
checkRd: (-1) IndexComp.Rd:73: Lost braces in \itemize; \value handles \item{}{} directly
checkRd: (-1) IndexComp.Rd:74: Lost braces in \itemize; \value handles \item{}{} directly
checkRd: (-1) IndexComp.Rd:78: Lost braces in \itemize; \value handles \item{}{} directly
checkRd: (-1) IndexComp.Rd:79: Lost braces in \itemize; \value handles \item{}{} directly
checkRd: (-1) IndexComp.Rd:80: Lost braces in \itemize; \value handles \item{}{} directly
checkRd: (-1) IndexComp.Rd:81: Lost braces in \itemize; \value handles \item{}{} directly
Flavors: r-devel-linux-x86_64-debian-clang, r-devel-linux-x86_64-debian-gcc, r-devel-linux-x86_64-fedora-clang, r-devel-linux-x86_64-fedora-gcc, r-prerel-macos-arm64, r-prerel-windows-x86_64, r-patched-linux-x86_64