Last updated on 2023-06-10 00:54:47 CEST.
Flavor | Version | Tinstall | Tcheck | Ttotal | Status | Flags |
---|---|---|---|---|---|---|
r-devel-linux-x86_64-debian-clang | 1.1.0 | 6.94 | 58.85 | 65.79 | NOTE | |
r-devel-linux-x86_64-debian-gcc | 1.1.0 | 5.08 | 44.52 | 49.60 | NOTE | |
r-devel-linux-x86_64-fedora-clang | 1.1.0 | 83.65 | NOTE | |||
r-devel-linux-x86_64-fedora-gcc | 1.1.0 | 95.39 | NOTE | |||
r-devel-windows-x86_64 | 1.1.0 | 9.00 | 63.00 | 72.00 | NOTE | |
r-patched-linux-x86_64 | 1.1.0 | 4.72 | 53.58 | 58.30 | NOTE | |
r-release-linux-x86_64 | 1.1.0 | 6.56 | 53.24 | 59.80 | NOTE | |
r-release-macos-arm64 | 1.1.0 | 35.00 | NOTE | |||
r-release-macos-x86_64 | 1.1.0 | 50.00 | NOTE | |||
r-release-windows-x86_64 | 1.1.0 | 9.00 | 68.00 | 77.00 | NOTE | |
r-oldrel-macos-arm64 | 1.1.0 | 27.00 | NOTE | |||
r-oldrel-macos-x86_64 | 1.1.0 | 52.00 | NOTE | |||
r-oldrel-windows-x86_64 | 1.1.0 | 10.00 | 73.00 | 83.00 | NOTE |
Version: 1.1.0
Check: LazyData
Result: NOTE
'LazyData' is specified without a 'data' directory
Flavors: r-devel-linux-x86_64-debian-clang, r-devel-linux-x86_64-debian-gcc, r-devel-linux-x86_64-fedora-clang, r-devel-linux-x86_64-fedora-gcc, r-devel-windows-x86_64, r-patched-linux-x86_64, r-release-linux-x86_64, r-release-macos-arm64, r-release-macos-x86_64, r-release-windows-x86_64, r-oldrel-macos-arm64, r-oldrel-macos-x86_64, r-oldrel-windows-x86_64
Version: 1.1.0
Check: dependencies in R code
Result: NOTE
Namespace in Imports field not imported from: ‘optimr’
All declared Imports should be used.
Flavors: r-devel-linux-x86_64-fedora-clang, r-devel-linux-x86_64-fedora-gcc, r-oldrel-macos-arm64, r-oldrel-macos-x86_64