Last updated on 2024-04-25 07:59:55 CEST.
Flavor | Version | Tinstall | Tcheck | Ttotal | Status | Flags |
---|---|---|---|---|---|---|
r-devel-linux-x86_64-debian-clang | 1.6 | 16.36 | 124.79 | 141.15 | OK | |
r-devel-linux-x86_64-debian-gcc | 1.6 | 11.39 | 89.62 | 101.01 | OK | |
r-devel-linux-x86_64-fedora-clang | 1.6 | 174.92 | NOTE | |||
r-devel-linux-x86_64-fedora-gcc | 1.6 | 178.94 | NOTE | |||
r-devel-windows-x86_64 | 1.6 | 12.00 | 92.00 | 104.00 | OK | |
r-patched-linux-x86_64 | 1.6 | 13.61 | 121.54 | 135.15 | OK | |
r-release-linux-x86_64 | 1.6 | 16.32 | 118.21 | 134.53 | OK | |
r-release-macos-arm64 | 1.6 | 53.00 | OK | |||
r-release-windows-x86_64 | 1.6 | 12.00 | 94.00 | 106.00 | OK | |
r-oldrel-macos-arm64 | 1.6 | 57.00 | OK | |||
r-oldrel-macos-x86_64 | 1.6 | 105.00 | OK | |||
r-oldrel-windows-x86_64 | 1.6 | 15.00 | 106.00 | 121.00 | OK |
Version: 1.6
Check: dependencies in R code
Result: NOTE
Namespace in Imports field not imported from: ‘svglite’
All declared Imports should be used.
Flavors: r-devel-linux-x86_64-fedora-clang, r-devel-linux-x86_64-fedora-gcc