Last updated on 2024-03-28 15:49:50 CET.
Flavor | Version | Tinstall | Tcheck | Ttotal | Status | Flags |
---|---|---|---|---|---|---|
r-devel-linux-x86_64-debian-clang | 1.1.3 | 2.63 | 217.47 | 220.10 | OK | |
r-devel-linux-x86_64-debian-gcc | 1.1.3 | 3.31 | 171.91 | 175.22 | OK | |
r-devel-linux-x86_64-fedora-clang | 1.1.3 | 257.43 | NOTE | |||
r-devel-linux-x86_64-fedora-gcc | 1.1.3 | 256.27 | NOTE | |||
r-devel-windows-x86_64 | 1.1.3 | 5.00 | 268.00 | 273.00 | OK | |
r-patched-linux-x86_64 | 1.1.3 | 4.16 | 209.50 | 213.66 | OK | |
r-release-linux-x86_64 | 1.1.3 | 3.82 | 219.09 | 222.91 | OK | |
r-release-macos-arm64 | 1.1.3 | 82.00 | OK | |||
r-release-macos-x86_64 | 1.1.3 | 124.00 | OK | |||
r-release-windows-x86_64 | 1.1.3 | 6.00 | 316.00 | 322.00 | OK | |
r-oldrel-macos-arm64 | 1.1.3 | 74.00 | NOTE | |||
r-oldrel-windows-x86_64 | 1.1.3 | 6.00 | 296.00 | 302.00 | OK |
Version: 1.1.3
Check: dependencies in R code
Result: NOTE
Namespaces in Imports field not imported from:
‘curl’ ‘readxl’
All declared Imports should be used.
Flavors: r-devel-linux-x86_64-fedora-clang, r-devel-linux-x86_64-fedora-gcc, r-oldrel-macos-arm64