Last updated on 2023-12-08 00:51:58 CET.
Flavor | Version | Tinstall | Tcheck | Ttotal | Status | Flags |
---|---|---|---|---|---|---|
r-devel-linux-x86_64-debian-clang | 1.2 | 20.55 | 32.74 | 53.29 | NOTE | |
r-devel-linux-x86_64-debian-gcc | 1.2 | 13.95 | 25.91 | 39.86 | NOTE | |
r-devel-linux-x86_64-fedora-clang | 1.2 | 76.21 | NOTE | |||
r-devel-linux-x86_64-fedora-gcc | 1.2 | 85.60 | NOTE | |||
r-devel-windows-x86_64 | 1.2 | 18.00 | 66.00 | 84.00 | NOTE | |
r-patched-linux-x86_64 | 1.2 | 16.97 | 32.66 | 49.63 | OK | |
r-release-linux-x86_64 | 1.2 | 20.37 | 32.62 | 52.99 | OK | |
r-release-macos-arm64 | 1.2 | 44.00 | OK | |||
r-release-macos-x86_64 | 1.2 | 48.00 | OK | |||
r-release-windows-x86_64 | 1.2 | 20.00 | 71.00 | 91.00 | OK | |
r-oldrel-macos-arm64 | 1.2 | 30.00 | OK | |||
r-oldrel-macos-x86_64 | 1.2 | 35.00 | OK | |||
r-oldrel-windows-x86_64 | 1.2 | 29.00 | 71.00 | 100.00 | OK |
Version: 1.2
Check: Rd contents
Result: NOTE
Auto-generated content requiring editing in Rd file 'IntervalSurgeon-package.Rd':
\seealso: ‘Optional links to other man pages’
\examples: ‘## Optional simple examples of the most important functions ...’
Flavors: r-devel-linux-x86_64-debian-clang, r-devel-linux-x86_64-debian-gcc, r-devel-linux-x86_64-fedora-clang, r-devel-linux-x86_64-fedora-gcc, r-devel-windows-x86_64