CRAN Package Check Results for Package IterativeHardThresholding

Last updated on 2024-07-15 16:56:24 CEST.

Flavor Version Tinstall Tcheck Ttotal Status Flags
r-devel-linux-x86_64-debian-clang 1.0.2 8.81 90.50 99.31 OK
r-devel-linux-x86_64-debian-gcc 1.0.2 8.64 67.94 76.58 OK
r-devel-linux-x86_64-fedora-clang 1.0.2 127.04 OK
r-devel-linux-x86_64-fedora-gcc 1.0.2 118.20 OK
r-devel-windows-x86_64 1.0.2 10.00 81.00 91.00 NOTE
r-patched-linux-x86_64 1.0.2 16.45 84.81 101.26 OK
r-release-linux-x86_64 1.0.2 6.50 85.29 91.79 OK
r-release-macos-arm64 1.0.2 37.00 OK
r-release-macos-x86_64 1.0.2 57.00 OK
r-release-windows-x86_64 1.0.2 10.00 80.00 90.00 OK
r-oldrel-macos-arm64 1.0.2 37.00 OK
r-oldrel-macos-x86_64 1.0.2 74.00 OK
r-oldrel-windows-x86_64 1.0.2 13.00 97.00 110.00 OK

Check Details

Version: 1.0.2
Check: Rd cross-references
Result: NOTE Found the following Rd file(s) with Rd \link{} targets missing package anchors: createFastIhtPrior.Rd: fitCyclopsModel createIhtPrior.Rd: fitCyclopsModel Please provide package anchors for all Rd \link{} targets not in the package itself and the base packages. Flavor: r-devel-windows-x86_64