Last updated on 2023-05-28 23:14:01 CEST.
Flavor | Version | Tinstall | Tcheck | Ttotal | Status | Flags |
---|---|---|---|---|---|---|
r-devel-linux-x86_64-debian-clang | 1.0 | 43.60 | 76.59 | 120.19 | NOTE | |
r-devel-linux-x86_64-debian-gcc | 1.0 | 32.23 | 59.00 | 91.23 | NOTE | |
r-devel-linux-x86_64-fedora-clang | 1.0 | 158.88 | NOTE | |||
r-devel-linux-x86_64-fedora-gcc | 1.0 | 166.90 | NOTE | |||
r-devel-windows-x86_64 | 1.0 | 33.00 | 104.00 | 137.00 | NOTE | |
r-patched-linux-x86_64 | 1.0 | 31.06 | 75.17 | 106.23 | NOTE | |
r-release-linux-x86_64 | 1.0 | 25.99 | 74.33 | 100.32 | NOTE | |
r-release-macos-arm64 | 1.0 | 42.00 | NOTE | |||
r-release-macos-x86_64 | 1.0 | 63.00 | NOTE | |||
r-release-windows-x86_64 | 1.0 | 44.00 | 119.00 | 163.00 | NOTE | |
r-oldrel-macos-arm64 | 1.0 | 39.00 | NOTE | |||
r-oldrel-macos-x86_64 | 1.0 | 53.00 | NOTE | |||
r-oldrel-windows-x86_64 | 1.0 | 43.00 | 104.00 | 147.00 | NOTE |
Version: 1.0
Check: C++ specification
Result: NOTE
Specified C++11: please drop specification unless essential
Flavors: r-devel-linux-x86_64-debian-clang, r-devel-linux-x86_64-debian-gcc, r-devel-linux-x86_64-fedora-clang, r-devel-linux-x86_64-fedora-gcc, r-devel-windows-x86_64, r-patched-linux-x86_64, r-release-linux-x86_64, r-release-macos-arm64, r-release-macos-x86_64, r-release-windows-x86_64
Version: 1.0
Check: installed package size
Result: NOTE
installed size is 5.9Mb
sub-directories of 1Mb or more:
extdata 5.5Mb
Flavors: r-devel-linux-x86_64-fedora-clang, r-devel-windows-x86_64, r-release-macos-arm64, r-release-macos-x86_64, r-release-windows-x86_64, r-oldrel-macos-arm64, r-oldrel-macos-x86_64, r-oldrel-windows-x86_64