CRAN Package Check Results for Package JGL

Last updated on 2023-05-28 23:14:01 CEST.

Flavor Version Tinstall Tcheck Ttotal Status Flags
r-devel-linux-x86_64-debian-clang 2.3.1 3.55 44.48 48.03 NOTE
r-devel-linux-x86_64-debian-gcc 2.3.1 3.51 33.81 37.32 NOTE
r-devel-linux-x86_64-fedora-clang 2.3.1 60.90 NOTE
r-devel-linux-x86_64-fedora-gcc 2.3.1 62.45 NOTE
r-devel-windows-x86_64 2.3.1 5.00 56.00 61.00 NOTE
r-patched-linux-x86_64 2.3.1 4.00 42.19 46.19 NOTE
r-release-linux-x86_64 2.3.1 3.09 42.07 45.16 NOTE
r-release-macos-arm64 2.3.1 23.00 NOTE
r-release-macos-x86_64 2.3.1 34.00 NOTE
r-release-windows-x86_64 2.3.1 6.00 59.00 65.00 NOTE
r-oldrel-macos-arm64 2.3.1 27.00 OK
r-oldrel-macos-x86_64 2.3.1 28.00 OK
r-oldrel-windows-x86_64 2.3.1 7.00 63.00 70.00 OK

Check Details

Version: 2.3.1
Check: package subdirectories
Result: NOTE
    Problems with news in ‘NEWS.md’:
    No news entries found.
Flavors: r-devel-linux-x86_64-debian-clang, r-devel-linux-x86_64-debian-gcc, r-devel-linux-x86_64-fedora-clang, r-devel-linux-x86_64-fedora-gcc, r-devel-windows-x86_64, r-patched-linux-x86_64, r-release-linux-x86_64, r-release-macos-arm64, r-release-macos-x86_64, r-release-windows-x86_64