Last updated on 2024-04-23 16:58:19 CEST.
Flavor | Version | Tinstall | Tcheck | Ttotal | Status | Flags |
---|---|---|---|---|---|---|
r-devel-linux-x86_64-debian-clang | 0.4-5 | 106.12 | 148.42 | 254.54 | OK | |
r-devel-linux-x86_64-debian-gcc | 0.4-5 | 79.52 | 106.78 | 186.30 | OK | |
r-devel-linux-x86_64-fedora-clang | 0.4-5 | 322.93 | OK | |||
r-devel-linux-x86_64-fedora-gcc | 0.4-5 | 337.03 | OK | |||
r-prerel-macos-arm64 | 0.4-5 | 76.00 | NOTE | |||
r-prerel-windows-x86_64 | 0.4-5 | 73.00 | 136.00 | 209.00 | OK | |
r-patched-linux-x86_64 | 0.4-5 | 92.39 | 141.91 | 234.30 | OK | |
r-release-linux-x86_64 | 0.4-5 | 95.09 | 146.71 | 241.80 | OK | |
r-release-macos-arm64 | 0.4-5 | 74.00 | NOTE | |||
r-release-macos-x86_64 | 0.4-5 | 175.00 | NOTE | |||
r-release-windows-x86_64 | 0.4-5 | 94.00 | 164.00 | 258.00 | OK | |
r-oldrel-macos-arm64 | 0.4-5 | 82.00 | NOTE | |||
r-oldrel-windows-x86_64 | 0.4-5 | 89.00 | 161.00 | 250.00 | OK |
Version: 0.4-5
Check: installed package size
Result: NOTE
installed size is 9.7Mb
sub-directories of 1Mb or more:
libs 9.0Mb
Flavors: r-prerel-macos-arm64, r-release-macos-arm64, r-release-macos-x86_64, r-oldrel-macos-arm64