CRAN Package Check Results for Package KCSKNNShiny

Last updated on 2021-09-28 01:49:27 CEST.

Flavor Version Tinstall Tcheck Ttotal Status Flags
r-devel-linux-x86_64-debian-clang 0.1.0 12.92 118.25 131.17 NOTE
r-devel-linux-x86_64-debian-gcc 0.1.0 11.21 88.64 99.85 NOTE
r-devel-linux-x86_64-fedora-clang 0.1.0 170.30 NOTE
r-devel-linux-x86_64-fedora-gcc 0.1.0 152.98 NOTE
r-devel-windows-x86_64 0.1.0 15.00 98.00 113.00 NOTE
r-devel-windows-x86_64-gcc10-UCRT 0.1.0 NOTE
r-patched-linux-x86_64 0.1.0 12.40 108.91 121.31 NOTE
r-patched-solaris-x86 0.1.0 217.90 NOTE
r-release-linux-x86_64 0.1.0 13.35 112.11 125.46 NOTE
r-release-macos-arm64 0.1.0 NOTE
r-release-macos-x86_64 0.1.0 NOTE
r-release-windows-ix86+x86_64 0.1.0 35.00 139.00 174.00 NOTE
r-oldrel-macos-x86_64 0.1.0 OK
r-oldrel-windows-ix86+x86_64 0.1.0 24.00 97.00 121.00 OK

Check Details

Version: 0.1.0
Check: LazyData
Result: NOTE
     'LazyData' is specified without a 'data' directory
Flavors: r-devel-linux-x86_64-debian-clang, r-devel-linux-x86_64-debian-gcc, r-devel-linux-x86_64-fedora-clang, r-devel-linux-x86_64-fedora-gcc, r-devel-windows-x86_64, r-devel-windows-x86_64-gcc10-UCRT, r-patched-linux-x86_64, r-patched-solaris-x86, r-release-linux-x86_64, r-release-macos-arm64, r-release-macos-x86_64, r-release-windows-ix86+x86_64