Last updated on 2023-06-04 08:57:12 CEST.
Flavor | Version | Tinstall | Tcheck | Ttotal | Status | Flags |
---|---|---|---|---|---|---|
r-devel-linux-x86_64-debian-clang | 0.1.0 | 18.63 | 133.40 | 152.03 | NOTE | |
r-devel-linux-x86_64-debian-gcc | 0.1.0 | 12.20 | 98.31 | 110.51 | NOTE | |
r-devel-linux-x86_64-fedora-clang | 0.1.0 | 184.01 | NOTE | |||
r-devel-linux-x86_64-fedora-gcc | 0.1.0 | 200.48 | NOTE | |||
r-devel-windows-x86_64 | 0.1.0 | 16.00 | 106.00 | 122.00 | NOTE | |
r-patched-linux-x86_64 | 0.1.0 | 9.61 | 123.16 | 132.77 | NOTE | |
r-release-linux-x86_64 | 0.1.0 | 10.59 | 122.19 | 132.78 | NOTE | |
r-release-macos-arm64 | 0.1.0 | 59.00 | NOTE | |||
r-release-macos-x86_64 | 0.1.0 | 88.00 | NOTE | |||
r-release-windows-x86_64 | 0.1.0 | 20.00 | 127.00 | 147.00 | NOTE | |
r-oldrel-macos-arm64 | 0.1.0 | 49.00 | NOTE | |||
r-oldrel-macos-x86_64 | 0.1.0 | 83.00 | NOTE | |||
r-oldrel-windows-x86_64 | 0.1.0 | 20.00 | 130.00 | 150.00 | NOTE |
Version: 0.1.0
Check: LazyData
Result: NOTE
'LazyData' is specified without a 'data' directory
Flavors: r-devel-linux-x86_64-debian-clang, r-devel-linux-x86_64-debian-gcc, r-devel-linux-x86_64-fedora-clang, r-devel-linux-x86_64-fedora-gcc, r-devel-windows-x86_64, r-patched-linux-x86_64, r-release-linux-x86_64, r-release-macos-arm64, r-release-macos-x86_64, r-release-windows-x86_64, r-oldrel-macos-arm64, r-oldrel-macos-x86_64, r-oldrel-windows-x86_64