CRAN Package Check Results for Package KGode

Last updated on 2021-10-17 00:48:41 CEST.

Flavor Version Tinstall Tcheck Ttotal Status Flags
r-devel-linux-x86_64-debian-clang 1.0.3 8.26 63.53 71.79 NOTE
r-devel-linux-x86_64-debian-gcc 1.0.3 7.75 45.58 53.33 NOTE
r-devel-linux-x86_64-fedora-clang 1.0.3 93.53 NOTE
r-devel-linux-x86_64-fedora-gcc 1.0.3 89.67 NOTE
r-devel-windows-x86_64 1.0.3 12.00 59.00 71.00 NOTE
r-devel-windows-x86_64-gcc10-UCRT 1.0.3 NOTE
r-patched-linux-x86_64 1.0.3 10.51 57.92 68.43 NOTE
r-patched-solaris-x86 1.0.3 109.00 NOTE
r-release-linux-x86_64 1.0.3 7.55 58.67 66.22 NOTE
r-release-macos-arm64 1.0.3 NOTE
r-release-macos-x86_64 1.0.3 NOTE
r-release-windows-ix86+x86_64 1.0.3 14.00 84.00 98.00 NOTE
r-oldrel-macos-x86_64 1.0.3 OK
r-oldrel-windows-ix86+x86_64 1.0.3 17.00 85.00 102.00 OK

Check Details

Version: 1.0.3
Check: LazyData
Result: NOTE
     'LazyData' is specified without a 'data' directory
Flavors: r-devel-linux-x86_64-debian-clang, r-devel-linux-x86_64-debian-gcc, r-devel-linux-x86_64-fedora-clang, r-devel-linux-x86_64-fedora-gcc, r-devel-windows-x86_64, r-devel-windows-x86_64-gcc10-UCRT, r-patched-linux-x86_64, r-patched-solaris-x86, r-release-linux-x86_64, r-release-macos-arm64, r-release-macos-x86_64, r-release-windows-ix86+x86_64