CRAN Package Check Results for Package KNNShiny

Last updated on 2021-09-25 04:57:39 CEST.

Flavor Version Tinstall Tcheck Ttotal Status Flags
r-devel-linux-x86_64-debian-clang 0.1.0 2.15 20.44 22.59 NOTE
r-devel-linux-x86_64-debian-gcc 0.1.0 1.79 16.46 18.25 NOTE
r-devel-linux-x86_64-fedora-clang 0.1.0 36.38 NOTE
r-devel-linux-x86_64-fedora-gcc 0.1.0 25.70 NOTE
r-devel-windows-x86_64 0.1.0 4.00 29.00 33.00 NOTE
r-devel-windows-x86_64-gcc10-UCRT 0.1.0 NOTE
r-patched-linux-x86_64 0.1.0 2.13 20.38 22.51 NOTE
r-patched-solaris-x86 0.1.0 43.20 NOTE
r-release-linux-x86_64 0.1.0 2.07 20.65 22.72 NOTE
r-release-macos-arm64 0.1.0 NOTE
r-release-macos-x86_64 0.1.0 NOTE
r-release-windows-ix86+x86_64 0.1.0 6.00 36.00 42.00 NOTE
r-oldrel-macos-x86_64 0.1.0 NOTE
r-oldrel-windows-ix86+x86_64 0.1.0 5.00 26.00 31.00 OK

Check Details

Version: 0.1.0
Check: LazyData
Result: NOTE
     'LazyData' is specified without a 'data' directory
Flavors: r-devel-linux-x86_64-debian-clang, r-devel-linux-x86_64-debian-gcc, r-devel-linux-x86_64-fedora-clang, r-devel-linux-x86_64-fedora-gcc, r-devel-windows-x86_64, r-devel-windows-x86_64-gcc10-UCRT, r-patched-linux-x86_64, r-patched-solaris-x86, r-release-linux-x86_64, r-release-macos-arm64, r-release-macos-x86_64, r-release-windows-ix86+x86_64

Version: 0.1.0
Check: dependencies in R code
Result: NOTE
    Namespaces in Imports field not imported from:
     ‘FNN’ ‘caret’ ‘datasets’ ‘dplyr’ ‘e1071’ ‘psycho’ ‘rhandsontable’
     ‘shiny’
     All declared Imports should be used.
Flavors: r-devel-linux-x86_64-fedora-clang, r-devel-linux-x86_64-fedora-gcc, r-devel-windows-x86_64-gcc10-UCRT, r-patched-solaris-x86, r-release-macos-arm64, r-release-macos-x86_64, r-oldrel-macos-x86_64