CRAN Package Check Results for Package KScorrect

Last updated on 2021-10-22 04:54:52 CEST.

Flavor Version Tinstall Tcheck Ttotal Status Flags
r-devel-linux-x86_64-debian-clang 1.4.0 3.23 30.58 33.81 NOTE
r-devel-linux-x86_64-debian-gcc 1.4.0 2.37 23.99 26.36 NOTE
r-devel-linux-x86_64-fedora-clang 1.4.0 51.28 NOTE
r-devel-linux-x86_64-fedora-gcc 1.4.0 41.29 NOTE
r-devel-windows-x86_64 1.4.0 5.00 50.00 55.00 NOTE
r-devel-windows-x86_64-gcc10-UCRT 1.4.0 NOTE
r-patched-linux-x86_64 1.4.0 3.12 30.17 33.29 NOTE
r-patched-solaris-x86 1.4.0 60.00 NOTE
r-release-linux-x86_64 1.4.0 2.93 30.27 33.20 NOTE
r-release-macos-arm64 1.4.0 NOTE
r-release-macos-x86_64 1.4.0 NOTE
r-release-windows-ix86+x86_64 1.4.0 5.00 49.00 54.00 NOTE
r-oldrel-macos-x86_64 1.4.0 OK
r-oldrel-windows-ix86+x86_64 1.4.0 9.00 48.00 57.00 OK

Check Details

Version: 1.4.0
Check: LazyData
Result: NOTE
     'LazyData' is specified without a 'data' directory
Flavors: r-devel-linux-x86_64-debian-clang, r-devel-linux-x86_64-debian-gcc, r-devel-linux-x86_64-fedora-clang, r-devel-linux-x86_64-fedora-gcc, r-devel-windows-x86_64, r-devel-windows-x86_64-gcc10-UCRT, r-patched-linux-x86_64, r-patched-solaris-x86, r-release-linux-x86_64, r-release-macos-arm64, r-release-macos-x86_64, r-release-windows-ix86+x86_64