CRAN Package Check Results for Package Kendall

Last updated on 2023-09-23 16:54:04 CEST.

Flavor Version Tinstall Tcheck Ttotal Status Flags
r-devel-linux-x86_64-debian-clang 2.2.1 2.63 27.70 30.33 OK
r-devel-linux-x86_64-debian-gcc 2.2.1 2.28 23.71 25.99 OK
r-devel-linux-x86_64-fedora-clang 2.2.1 36.60 NOTE
r-devel-linux-x86_64-fedora-gcc 2.2.1 39.59 NOTE
r-devel-windows-x86_64 2.2.1 5.00 48.00 53.00 OK
r-patched-linux-x86_64 2.2.1 3.20 27.80 31.00 OK
r-release-linux-x86_64 2.2.1 2.72 28.08 30.80 OK
r-release-macos-arm64 2.2.1 20.00 OK
r-release-macos-x86_64 2.2.1 24.00 OK
r-release-windows-x86_64 2.2.1 6.00 46.00 52.00 OK
r-oldrel-macos-arm64 2.2.1 19.00 OK
r-oldrel-macos-x86_64 2.2.1 23.00 OK
r-oldrel-windows-x86_64 2.2.1 5.00 50.00 55.00 OK

Check Details

Version: 2.2.1
Check: compiled code
Result: NOTE
    File ‘Kendall/libs/Kendall.so’:
     Found no calls to: ‘R_registerRoutines’, ‘R_useDynamicSymbols’
    
    It is good practice to register native routines and to disable symbol
    search.
    
    See ‘Writing portable packages’ in the ‘Writing R Extensions’ manual.
Flavors: r-devel-linux-x86_64-fedora-clang, r-devel-linux-x86_64-fedora-gcc