Last updated on 2024-04-20 08:50:58 CEST.
Flavor | Version | Tinstall | Tcheck | Ttotal | Status | Flags |
---|---|---|---|---|---|---|
r-prerel-windows-x86_64 | 2.6.2 | 131.00 | 63.00 | 194.00 | OK | |
r-release-macos-x86_64 | 2.6.0 | 5.00 | ERROR | |||
r-release-windows-x86_64 | 2.6.2 | 147.00 | 68.00 | 215.00 | OK | |
r-oldrel-macos-arm64 | 2.6.0 | 5.00 | OK | |||
r-oldrel-windows-x86_64 | 2.6.2 | 143.00 | 71.00 | 214.00 | OK |
Version: 2.6.0
Check: PDF version of manual
Result: WARN
LaTeX errors when creating PDF version.
This typically indicates Rd problems.
Flavor: r-release-macos-x86_64
Version: 2.6.0
Check: PDF version of manual without index
Result: ERROR
Re-running with no redirection of stdout/stderr.
Flavor: r-release-macos-x86_64