CRAN Package Check Results for Package KraljicMatrix

Last updated on 2021-10-25 04:54:13 CEST.

Flavor Version Tinstall Tcheck Ttotal Status Flags
r-devel-linux-x86_64-debian-clang 0.2.1 5.49 56.60 62.09 OK
r-devel-linux-x86_64-debian-gcc 0.2.1 4.14 43.27 47.41 OK
r-devel-linux-x86_64-fedora-clang 0.2.1 84.35 NOTE
r-devel-linux-x86_64-fedora-gcc 0.2.1 75.15 NOTE
r-devel-windows-x86_64 0.2.1 9.00 82.00 91.00 OK
r-devel-windows-x86_64-gcc10-UCRT 0.2.1 NOTE
r-patched-linux-x86_64 0.2.1 4.84 53.08 57.92 OK
r-patched-solaris-x86 0.2.1 102.10 NOTE
r-release-linux-x86_64 0.2.1 4.63 52.07 56.70 OK
r-release-macos-arm64 0.2.1 NOTE
r-release-macos-x86_64 0.2.1 NOTE
r-release-windows-ix86+x86_64 0.2.1 10.00 78.00 88.00 OK
r-oldrel-macos-x86_64 0.2.1 NOTE
r-oldrel-windows-ix86+x86_64 0.2.1 16.00 83.00 99.00 OK

Check Details

Version: 0.2.1
Check: dependencies in R code
Result: NOTE
    Namespaces in Imports field not imported from:
     ‘dplyr’ ‘tibble’
     All declared Imports should be used.
Flavors: r-devel-linux-x86_64-fedora-clang, r-devel-linux-x86_64-fedora-gcc, r-devel-windows-x86_64-gcc10-UCRT, r-patched-solaris-x86, r-release-macos-arm64, r-release-macos-x86_64, r-oldrel-macos-x86_64