Last updated on 2024-04-18 08:54:34 CEST.
Flavor | Version | Tinstall | Tcheck | Ttotal | Status | Flags |
---|---|---|---|---|---|---|
r-devel-linux-x86_64-debian-clang | 2.1.0 | 271.63 | 176.08 | 447.71 | NOTE | |
r-devel-linux-x86_64-debian-gcc | 2.1.0 | 204.30 | 133.60 | 337.90 | NOTE | |
r-devel-linux-x86_64-fedora-clang | 2.1.0 | 619.63 | NOTE | |||
r-devel-linux-x86_64-fedora-gcc | 2.1.0 | 615.12 | NOTE | |||
r-prerel-macos-arm64 | 2.1.0 | 136.00 | NOTE | |||
r-prerel-windows-x86_64 | 2.1.0 | 204.00 | 160.00 | 364.00 | NOTE | |
r-patched-linux-x86_64 | 2.1.0 | 261.64 | 171.59 | 433.23 | NOTE | |
r-release-linux-x86_64 | 2.1.0 | 256.25 | 172.55 | 428.80 | OK | |
r-release-macos-arm64 | 2.1.0 | 162.00 | NOTE | |||
r-release-macos-x86_64 | 2.1.0 | 269.00 | NOTE | |||
r-release-windows-x86_64 | 2.1.0 | 254.00 | 206.00 | 460.00 | OK | |
r-oldrel-macos-arm64 | 2.1.0 | 118.00 | NOTE | |||
r-oldrel-windows-x86_64 | 2.1.0 | 244.00 | 262.00 | 506.00 | OK |
Version: 2.1.0
Check: Rd files
Result: NOTE
checkRd: (-1) GenSyntheticLogistic.Rd:46: Lost braces; missing escapes or markup?
46 | 3) Every coordinate yi of the outcome vector y exists in {-1, 1}^n is sampled
| ^
checkRd: (-1) L0Learn-package.Rd:20: Lost braces in \itemize; meant \describe ?
checkRd: (-1) L0Learn-package.Rd:21: Lost braces in \itemize; meant \describe ?
checkRd: (-1) L0Learn-package.Rd:22: Lost braces in \itemize; meant \describe ?
checkRd: (-1) L0Learn-package.Rd:23: Lost braces in \itemize; meant \describe ?
checkRd: (-1) L0Learn-package.Rd:24: Lost braces in \itemize; meant \describe ?
checkRd: (-1) L0Learn-package.Rd:25: Lost braces in \itemize; meant \describe ?
Flavors: r-devel-linux-x86_64-debian-clang, r-devel-linux-x86_64-debian-gcc, r-devel-linux-x86_64-fedora-clang, r-devel-linux-x86_64-fedora-gcc, r-prerel-macos-arm64, r-prerel-windows-x86_64, r-patched-linux-x86_64
Version: 2.1.0
Check: installed package size
Result: NOTE
installed size is 13.0Mb
sub-directories of 1Mb or more:
doc 2.4Mb
libs 10.4Mb
Flavors: r-prerel-macos-arm64, r-release-macos-arm64, r-release-macos-x86_64, r-oldrel-macos-arm64