Last updated on 2023-05-28 23:14:01 CEST.
Flavor | Version | Tinstall | Tcheck | Ttotal | Status | Flags |
---|---|---|---|---|---|---|
r-devel-linux-x86_64-debian-clang | 2.1.0 | 277.60 | 158.47 | 436.07 | OK | |
r-devel-linux-x86_64-debian-gcc | 2.1.0 | 207.12 | 114.70 | 321.82 | OK | |
r-devel-linux-x86_64-fedora-clang | 2.1.0 | 599.49 | OK | |||
r-devel-linux-x86_64-fedora-gcc | 2.1.0 | 650.13 | OK | |||
r-devel-windows-x86_64 | 2.1.0 | 196.00 | 173.00 | 369.00 | OK | |
r-patched-linux-x86_64 | 2.1.0 | 221.26 | 148.00 | 369.26 | OK | |
r-release-linux-x86_64 | 2.1.0 | 226.37 | 149.53 | 375.90 | OK | |
r-release-macos-arm64 | 2.1.0 | 162.00 | NOTE | |||
r-release-macos-x86_64 | 2.1.0 | 269.00 | NOTE | |||
r-release-windows-x86_64 | 2.1.0 | 255.00 | 211.00 | 466.00 | OK | |
r-oldrel-macos-arm64 | 2.1.0 | 118.00 | NOTE | |||
r-oldrel-macos-x86_64 | 2.1.0 | 168.00 | NOTE | |||
r-oldrel-windows-x86_64 | 2.1.0 | 235.00 | 197.00 | 432.00 | OK |
Version: 2.1.0
Check: installed package size
Result: NOTE
installed size is 13.5Mb
sub-directories of 1Mb or more:
doc 2.4Mb
libs 10.9Mb
Flavors: r-release-macos-arm64, r-release-macos-x86_64, r-oldrel-macos-arm64, r-oldrel-macos-x86_64