Last updated on 2024-07-18 08:51:11 CEST.
Flavor | Version | Tinstall | Tcheck | Ttotal | Status | Flags |
---|---|---|---|---|---|---|
r-devel-linux-x86_64-debian-clang | 1.1 | 3.28 | 39.88 | 43.16 | NOTE | |
r-devel-linux-x86_64-debian-gcc | 1.1 | 2.71 | 30.83 | 33.54 | NOTE | |
r-devel-linux-x86_64-fedora-clang | 1.1 | 55.12 | NOTE | |||
r-devel-linux-x86_64-fedora-gcc | 1.1 | 51.66 | NOTE | |||
r-devel-windows-x86_64 | 1.1 | 4.00 | 56.00 | 60.00 | NOTE | |
r-patched-linux-x86_64 | 1.1 | 6.61 | 38.84 | 45.45 | NOTE | |
r-release-linux-x86_64 | 1.1 | 3.87 | 38.11 | 41.98 | NOTE | |
r-release-macos-arm64 | 1.1 | 21.00 | NOTE | |||
r-release-macos-x86_64 | 1.1 | 31.00 | NOTE | |||
r-release-windows-x86_64 | 1.1 | 4.00 | 57.00 | 61.00 | NOTE | |
r-oldrel-macos-arm64 | 1.1 | 21.00 | NOTE | |||
r-oldrel-macos-x86_64 | 1.1 | 40.00 | NOTE | |||
r-oldrel-windows-x86_64 | 1.1 | 5.00 | 59.00 | 64.00 | NOTE |
Version: 1.1
Check: LazyData
Result: NOTE
'LazyData' is specified without a 'data' directory
Flavors: r-devel-linux-x86_64-debian-clang, r-devel-linux-x86_64-debian-gcc, r-devel-linux-x86_64-fedora-clang, r-devel-linux-x86_64-fedora-gcc, r-devel-windows-x86_64, r-patched-linux-x86_64, r-release-linux-x86_64, r-release-macos-arm64, r-release-macos-x86_64, r-release-windows-x86_64, r-oldrel-macos-arm64, r-oldrel-macos-x86_64, r-oldrel-windows-x86_64
Version: 1.1
Check: dependencies in R code
Result: NOTE
Namespace in Imports field not imported from: ‘doParallel’
All declared Imports should be used.
Flavors: r-devel-linux-x86_64-fedora-clang, r-devel-linux-x86_64-fedora-gcc
Version: 1.1
Check: Rd cross-references
Result: NOTE
Found the following Rd file(s) with Rd \link{} targets missing package
anchors:
fitLCA.Rd: poLCA
Please provide package anchors for all Rd \link{} targets not in the
package itself and the base packages.
Flavor: r-devel-windows-x86_64