Last updated on 2024-04-20 00:56:12 CEST.
Flavor | Version | Tinstall | Tcheck | Ttotal | Status | Flags |
---|---|---|---|---|---|---|
r-devel-linux-x86_64-debian-clang | 1.10 | 9.89 | 85.68 | 95.57 | NOTE | |
r-devel-linux-x86_64-debian-gcc | 1.10 | NOTE | ||||
r-devel-linux-x86_64-fedora-clang | 1.10 | 119.14 | NOTE | |||
r-devel-linux-x86_64-fedora-gcc | 1.10 | 145.54 | NOTE | |||
r-prerel-macos-arm64 | 1.10 | 41.00 | NOTE | |||
r-prerel-windows-x86_64 | 1.10 | 8.00 | 78.00 | 86.00 | NOTE | |
r-patched-linux-x86_64 | 1.10 | 6.05 | 79.40 | 85.45 | NOTE | |
r-release-linux-x86_64 | 1.10 | 6.23 | 81.02 | 87.25 | NOTE | |
r-release-macos-arm64 | 1.10 | 44.00 | NOTE | |||
r-release-macos-x86_64 | 1.10 | 79.00 | NOTE | |||
r-release-windows-x86_64 | 1.10 | 12.00 | 91.00 | 103.00 | NOTE | |
r-oldrel-macos-arm64 | 1.10 | 34.00 | NOTE | |||
r-oldrel-windows-x86_64 | 1.10 | 13.00 | 109.00 | 122.00 | NOTE |
Version: 1.10
Check: LazyData
Result: NOTE
'LazyData' is specified without a 'data' directory
Flavors: r-devel-linux-x86_64-debian-clang, r-devel-linux-x86_64-debian-gcc, r-devel-linux-x86_64-fedora-clang, r-devel-linux-x86_64-fedora-gcc, r-prerel-macos-arm64, r-prerel-windows-x86_64, r-patched-linux-x86_64, r-release-linux-x86_64, r-release-macos-arm64, r-release-macos-x86_64, r-release-windows-x86_64, r-oldrel-macos-arm64, r-oldrel-windows-x86_64
Version: 1.10
Check: dependencies in R code
Result: NOTE
Namespaces in Imports field not imported from:
‘devtools’ ‘reticulate’ ‘tensorflow’
All declared Imports should be used.
Flavors: r-devel-linux-x86_64-fedora-clang, r-devel-linux-x86_64-fedora-gcc, r-oldrel-macos-arm64