Last updated on 2023-06-02 18:52:48 CEST.
Flavor | Version | Tinstall | Tcheck | Ttotal | Status | Flags |
---|---|---|---|---|---|---|
r-devel-linux-x86_64-debian-clang | 1.10 | 8.61 | 83.87 | 92.48 | NOTE | |
r-devel-linux-x86_64-debian-gcc | 1.10 | 7.96 | 64.29 | 72.25 | NOTE | |
r-devel-linux-x86_64-fedora-clang | 1.10 | 118.29 | NOTE | |||
r-devel-linux-x86_64-fedora-gcc | 1.10 | 136.57 | NOTE | |||
r-devel-windows-x86_64 | 1.10 | 9.00 | 81.00 | 90.00 | NOTE | |
r-patched-linux-x86_64 | 1.10 | NOTE | ||||
r-release-linux-x86_64 | 1.10 | 8.52 | 80.00 | 88.52 | NOTE | |
r-release-macos-arm64 | 1.10 | 44.00 | NOTE | |||
r-release-macos-x86_64 | 1.10 | 79.00 | NOTE | |||
r-release-windows-x86_64 | 1.10 | 13.00 | 93.00 | 106.00 | NOTE | |
r-oldrel-macos-arm64 | 1.10 | 34.00 | NOTE | |||
r-oldrel-macos-x86_64 | 1.10 | 75.00 | NOTE | |||
r-oldrel-windows-x86_64 | 1.10 | 12.00 | 96.00 | 108.00 | NOTE |
Version: 1.10
Check: LazyData
Result: NOTE
'LazyData' is specified without a 'data' directory
Flavors: r-devel-linux-x86_64-debian-clang, r-devel-linux-x86_64-debian-gcc, r-devel-linux-x86_64-fedora-clang, r-devel-linux-x86_64-fedora-gcc, r-devel-windows-x86_64, r-patched-linux-x86_64, r-release-linux-x86_64, r-release-macos-arm64, r-release-macos-x86_64, r-release-windows-x86_64, r-oldrel-macos-arm64, r-oldrel-macos-x86_64, r-oldrel-windows-x86_64
Version: 1.10
Check: dependencies in R code
Result: NOTE
Namespaces in Imports field not imported from:
‘devtools’ ‘reticulate’ ‘tensorflow’
All declared Imports should be used.
Flavors: r-devel-linux-x86_64-fedora-clang, r-devel-linux-x86_64-fedora-gcc, r-oldrel-macos-arm64, r-oldrel-macos-x86_64