CRAN Package Check Results for Package LDlinkR

Last updated on 2021-11-27 04:55:48 CET.

Flavor Version Tinstall Tcheck Ttotal Status Flags
r-devel-linux-x86_64-debian-clang 1.1.2 NOTE
r-devel-linux-x86_64-debian-gcc 1.1.2 1.67 23.59 25.26 NOTE
r-devel-linux-x86_64-fedora-clang 1.1.2 52.14 NOTE
r-devel-linux-x86_64-fedora-gcc 1.1.2 40.19 NOTE
r-devel-windows-x86_64-new-UL 1.1.2 9.00 68.00 77.00 NOTE
r-devel-windows-x86_64-new-TK 1.1.2 NOTE
r-devel-windows-x86_64-old 1.1.2 5.00 45.00 50.00 NOTE
r-patched-linux-x86_64 1.1.2 3.78 28.47 32.25 NOTE
r-patched-solaris-x86 1.1.2 56.40 NOTE
r-release-linux-x86_64 1.1.2 NOTE
r-release-macos-arm64 1.1.2 NOTE
r-release-macos-x86_64 1.1.2 NOTE
r-release-windows-ix86+x86_64 1.1.2 8.00 47.00 55.00 NOTE
r-oldrel-macos-x86_64 1.1.2 OK
r-oldrel-windows-ix86+x86_64 1.1.2 5.00 49.00 54.00 OK

Check Details

Version: 1.1.2
Check: LazyData
Result: NOTE
     'LazyData' is specified without a 'data' directory
Flavors: r-devel-linux-x86_64-debian-clang, r-devel-linux-x86_64-debian-gcc, r-devel-linux-x86_64-fedora-clang, r-devel-linux-x86_64-fedora-gcc, r-devel-windows-x86_64-new-UL, r-devel-windows-x86_64-new-TK, r-devel-windows-x86_64-old, r-patched-linux-x86_64, r-patched-solaris-x86, r-release-linux-x86_64, r-release-macos-arm64, r-release-macos-x86_64, r-release-windows-ix86+x86_64