Last updated on 2023-06-05 16:54:58 CEST.
Flavor | Version | Tinstall | Tcheck | Ttotal | Status | Flags |
---|---|---|---|---|---|---|
r-devel-linux-x86_64-debian-clang | 1.5.0 | 19.93 | 126.70 | 146.63 | OK | |
r-devel-linux-x86_64-debian-gcc | 1.5.0 | 17.70 | 91.28 | 108.98 | OK | |
r-devel-linux-x86_64-fedora-clang | 1.5.0 | 185.70 | OK | |||
r-devel-linux-x86_64-fedora-gcc | 1.5.0 | 199.13 | OK | |||
r-devel-windows-x86_64 | 1.5.0 | 16.00 | 102.00 | 118.00 | OK | |
r-patched-linux-x86_64 | 1.5.0 | 17.54 | 117.21 | 134.75 | OK | |
r-release-linux-x86_64 | 1.5.0 | 21.43 | 116.92 | 138.35 | OK | |
r-release-macos-arm64 | 1.5.0 | 67.00 | OK | |||
r-release-macos-x86_64 | 1.3.0 | 117.00 | NOTE | |||
r-release-windows-x86_64 | 1.5.0 | 25.00 | 124.00 | 149.00 | OK | |
r-oldrel-macos-arm64 | 1.5.0 | 65.00 | OK | |||
r-oldrel-macos-x86_64 | 1.5.0 | 76.00 | OK | |||
r-oldrel-windows-x86_64 | 1.5.0 | 26.00 | 126.00 | 152.00 | OK |
Version: 1.3.0
Check: package dependencies
Result: NOTE
Package suggested but not available for checking: ‘caret’
Flavor: r-release-macos-x86_64
Version: 1.3.0
Check: installed package size
Result: NOTE
installed size is 6.0Mb
sub-directories of 1Mb or more:
data 5.1Mb
Flavor: r-release-macos-x86_64