Last updated on 2023-06-09 16:56:59 CEST.
Flavor | Version | Tinstall | Tcheck | Ttotal | Status | Flags |
---|---|---|---|---|---|---|
r-devel-linux-x86_64-debian-clang | 0.2.1 | 43.23 | 72.82 | 116.05 | NOTE | |
r-devel-linux-x86_64-debian-gcc | 0.2.1 | 38.82 | 53.39 | 92.21 | NOTE | |
r-devel-linux-x86_64-fedora-clang | 0.2.1 | 157.56 | NOTE | |||
r-devel-linux-x86_64-fedora-gcc | 0.2.1 | 162.88 | NOTE | |||
r-devel-windows-x86_64 | 0.2.1 | 37.00 | 190.00 | 227.00 | NOTE | |
r-patched-linux-x86_64 | 0.2.1 | 40.48 | 69.70 | 110.18 | NOTE | |
r-release-linux-x86_64 | 0.2.1 | 36.68 | 69.73 | 106.41 | NOTE | |
r-release-macos-arm64 | 0.2.1 | 101.00 | NOTE | |||
r-release-macos-x86_64 | 0.2.1 | 164.00 | NOTE | |||
r-release-windows-x86_64 | 0.2.1 | 45.00 | 261.00 | 306.00 | NOTE | |
r-oldrel-macos-arm64 | 0.2.1 | 89.00 | NOTE | |||
r-oldrel-macos-x86_64 | 0.2.1 | 117.00 | NOTE | |||
r-oldrel-windows-x86_64 | 0.2.1 | 43.00 | 246.00 | 289.00 | OK |
Version: 0.2.1
Check: C++ specification
Result: NOTE
Specified C++14: please drop specification unless essential
Flavors: r-devel-linux-x86_64-debian-clang, r-devel-linux-x86_64-debian-gcc, r-devel-linux-x86_64-fedora-clang, r-devel-linux-x86_64-fedora-gcc, r-devel-windows-x86_64, r-patched-linux-x86_64, r-release-linux-x86_64, r-release-macos-arm64, r-release-macos-x86_64, r-release-windows-x86_64
Version: 0.2.1
Check: installed package size
Result: NOTE
installed size is 6.4Mb
sub-directories of 1Mb or more:
libs 5.3Mb
Flavors: r-release-macos-arm64, r-release-macos-x86_64, r-oldrel-macos-arm64, r-oldrel-macos-x86_64