Last updated on 2024-04-20 08:50:59 CEST.
Flavor | Version | Tinstall | Tcheck | Ttotal | Status | Flags |
---|---|---|---|---|---|---|
r-devel-linux-x86_64-debian-clang | 2.0.2 | 16.53 | 126.46 | 142.99 | NOTE | |
r-devel-linux-x86_64-debian-gcc | 2.0.2 | 10.33 | 94.17 | 104.50 | NOTE | |
r-devel-linux-x86_64-fedora-clang | 2.0.2 | 173.00 | NOTE | |||
r-devel-linux-x86_64-fedora-gcc | 2.0.2 | 163.55 | NOTE | |||
r-prerel-macos-arm64 | 2.0.2 | 51.00 | NOTE | |||
r-prerel-macos-x86_64 | 2.0.2 | 125.00 | OK | |||
r-prerel-windows-x86_64 | 2.0.2 | 14.00 | 102.00 | 116.00 | NOTE | |
r-patched-linux-x86_64 | 2.0.2 | 14.67 | 121.87 | 136.54 | NOTE | |
r-release-linux-x86_64 | 2.0.2 | 9.49 | 125.04 | 134.53 | OK | |
r-release-macos-arm64 | 2.0.2 | 52.00 | OK | |||
r-release-macos-x86_64 | 2.0.2 | 85.00 | OK | |||
r-release-windows-x86_64 | 2.0.2 | 19.00 | 125.00 | 144.00 | OK | |
r-oldrel-macos-arm64 | 2.0.2 | 50.00 | OK | |||
r-oldrel-windows-x86_64 | 2.0.2 | 20.00 | 129.00 | 149.00 | OK |
Version: 2.0.2
Check: Rd files
Result: NOTE
checkRd: (-1) complete.specimens.Rd:34: Lost braces
34 | \code{\link{align.missing}},code{\link{MissingGeoMorph}}
| ^
checkRd: (-1) missing.specimens.Rd:37: Lost braces
37 | \code{\link{align.missing}}, \{code{\link{MissingGeoMorph}}
| ^
Flavors: r-devel-linux-x86_64-debian-clang, r-devel-linux-x86_64-debian-gcc, r-devel-linux-x86_64-fedora-clang, r-devel-linux-x86_64-fedora-gcc, r-prerel-macos-arm64, r-prerel-windows-x86_64, r-patched-linux-x86_64