Last updated on 2024-04-17 16:53:11 CEST.
Flavor | Version | Tinstall | Tcheck | Ttotal | Status | Flags |
---|---|---|---|---|---|---|
r-devel-linux-x86_64-debian-clang | 1.0-3 | 12.82 | 129.72 | 142.54 | NOTE | |
r-devel-linux-x86_64-debian-gcc | 1.0-3 | 10.92 | 94.16 | 105.08 | NOTE | |
r-devel-linux-x86_64-fedora-clang | 1.0-3 | 177.41 | NOTE | |||
r-devel-linux-x86_64-fedora-gcc | 1.0-3 | 166.89 | NOTE | |||
r-prerel-macos-arm64 | 1.0-3 | 51.00 | NOTE | |||
r-prerel-windows-x86_64 | 1.0-3 | 13.00 | 110.00 | 123.00 | NOTE | |
r-patched-linux-x86_64 | 1.0-3 | 9.73 | 123.14 | 132.87 | NOTE | |
r-release-linux-x86_64 | 1.0-3 | 9.25 | 123.29 | 132.54 | NOTE | |
r-release-macos-arm64 | 1.0-3 | 57.00 | NOTE | |||
r-release-macos-x86_64 | 1.0-3 | 88.00 | NOTE | |||
r-release-windows-x86_64 | 1.0-3 | 18.00 | 137.00 | 155.00 | NOTE | |
r-oldrel-macos-arm64 | 1.0-3 | 49.00 | NOTE | |||
r-oldrel-windows-x86_64 | 1.0-3 | 18.00 | 139.00 | 157.00 | NOTE |
Version: 1.0-3
Check: package dependencies
Result: NOTE
Package suggested but not available for checking: ‘kerdiest’
Flavors: r-devel-linux-x86_64-debian-clang, r-devel-linux-x86_64-debian-gcc, r-devel-linux-x86_64-fedora-clang, r-devel-linux-x86_64-fedora-gcc, r-prerel-macos-arm64, r-prerel-windows-x86_64, r-patched-linux-x86_64, r-release-linux-x86_64, r-release-macos-arm64, r-release-windows-x86_64, r-oldrel-windows-x86_64
Version: 1.0-3
Check: data for non-ASCII characters
Result: NOTE
Note: found 55 marked UTF-8 strings
Flavors: r-devel-linux-x86_64-fedora-clang, r-devel-linux-x86_64-fedora-gcc, r-oldrel-macos-arm64
Version: 1.0-3
Check: package dependencies
Result: NOTE
Packages suggested but not available for checking:
'sirt', 'kerdiest', 'car', 'mitml'
Flavor: r-release-macos-x86_64
Version: 1.0-3
Check: package dependencies
Result: NOTE
Package suggested but not available for checking: ‘miceadds’
Flavor: r-oldrel-macos-arm64