CRAN Package Check Results for Package LSRS

Last updated on 2024-05-20 00:51:56 CEST.

Flavor Version Tinstall Tcheck Ttotal Status Flags
r-devel-linux-x86_64-debian-clang 0.2.0 2.29 21.76 24.05 NOTE
r-devel-linux-x86_64-debian-gcc 0.2.0 1.67 17.06 18.73 NOTE
r-devel-linux-x86_64-fedora-clang 0.2.0 29.84 NOTE
r-devel-linux-x86_64-fedora-gcc 0.2.0 32.37 NOTE
r-devel-windows-x86_64 0.2.0 3.00 39.00 42.00 NOTE
r-patched-linux-x86_64 0.2.0 2.00 20.80 22.80 NOTE
r-release-linux-x86_64 0.2.0 1.56 20.50 22.06 NOTE
r-release-macos-arm64 0.2.0 14.00 NOTE
r-release-windows-x86_64 0.2.0 3.00 40.00 43.00 NOTE
r-oldrel-macos-arm64 0.2.0 15.00 NOTE
r-oldrel-macos-x86_64 0.2.0 19.00 NOTE
r-oldrel-windows-x86_64 0.2.0 3.00 42.00 45.00 NOTE

Check Details

Version: 0.2.0
Check: LazyData
Result: NOTE 'LazyData' is specified without a 'data' directory Flavors: r-devel-linux-x86_64-debian-clang, r-devel-linux-x86_64-debian-gcc, r-devel-linux-x86_64-fedora-clang, r-devel-linux-x86_64-fedora-gcc, r-devel-windows-x86_64, r-patched-linux-x86_64, r-release-linux-x86_64, r-release-macos-arm64, r-release-windows-x86_64, r-oldrel-macos-arm64, r-oldrel-macos-x86_64, r-oldrel-windows-x86_64