CRAN Package Check Results for Package LSTS

Last updated on 2022-08-15 16:54:32 CEST.

Flavor Version Tinstall Tcheck Ttotal Status Flags
r-devel-linux-x86_64-debian-clang 2.1 6.38 87.13 93.51 NOTE
r-devel-linux-x86_64-debian-gcc 2.1 4.98 62.83 67.81 NOTE
r-devel-linux-x86_64-fedora-clang 2.1 117.51 NOTE
r-devel-linux-x86_64-fedora-gcc 2.1 115.11 NOTE
r-devel-windows-x86_64 2.1 15.00 101.00 116.00 NOTE
r-patched-linux-x86_64 2.1 5.76 79.78 85.54 OK
r-release-linux-x86_64 2.1 6.33 81.43 87.76 OK
r-release-macos-arm64 2.1 30.00 NOTE
r-release-macos-x86_64 2.1 55.00 NOTE
r-release-windows-x86_64 2.1 11.00 102.00 113.00 OK
r-oldrel-macos-arm64 2.1 32.00 NOTE
r-oldrel-macos-x86_64 2.1 44.00 NOTE
r-oldrel-windows-ix86+x86_64 2.1 18.00 106.00 124.00 OK

Check Details

Version: 2.1
Check: Rd files
Result: NOTE
    checkRd: (-1) LS.kalman.Rd:65: Escaped LaTeX specials: \&
    checkRd: (-1) spectral.density.Rd:55: Escaped LaTeX specials: \&
Flavors: r-devel-linux-x86_64-debian-clang, r-devel-linux-x86_64-debian-gcc, r-devel-linux-x86_64-fedora-clang, r-devel-linux-x86_64-fedora-gcc, r-devel-windows-x86_64

Version: 2.1
Check: dependencies in R code
Result: NOTE
    Namespace in Imports field not imported from: ‘Rdpack’
     All declared Imports should be used.
Flavors: r-devel-linux-x86_64-fedora-clang, r-devel-linux-x86_64-fedora-gcc, r-release-macos-arm64, r-release-macos-x86_64, r-oldrel-macos-arm64, r-oldrel-macos-x86_64