Last updated on 2024-04-26 16:54:49 CEST.
Flavor | Version | Tinstall | Tcheck | Ttotal | Status | Flags |
---|---|---|---|---|---|---|
r-devel-linux-x86_64-debian-clang | 1.4.0 | 13.48 | 247.38 | 260.86 | ERROR | |
r-devel-linux-x86_64-debian-gcc | 1.4.0 | 10.89 | 183.93 | 194.82 | OK | |
r-devel-linux-x86_64-fedora-clang | 1.4.0 | 314.50 | NOTE | |||
r-devel-linux-x86_64-fedora-gcc | 1.4.0 | 312.38 | NOTE | |||
r-devel-windows-x86_64 | 1.4.0 | 12.00 | 161.00 | 173.00 | OK | |
r-patched-linux-x86_64 | 1.4.0 | 14.45 | 243.83 | 258.28 | OK | |
r-release-linux-x86_64 | 1.4.0 | 8.53 | 251.21 | 259.74 | OK | |
r-release-macos-arm64 | 1.4.0 | 89.00 | OK | |||
r-release-macos-x86_64 | 1.4.0 | 211.00 | OK | |||
r-release-windows-x86_64 | 1.4.0 | 13.00 | 157.00 | 170.00 | OK | |
r-oldrel-macos-arm64 | 1.4.0 | 104.00 | OK | |||
r-oldrel-macos-x86_64 | 1.4.0 | 220.00 | OK | |||
r-oldrel-windows-x86_64 | 1.4.0 | 16.00 | 227.00 | 243.00 | OK |
Version: 1.4.0
Check: tests
Result: ERROR
Running ‘testthat.R’ [127s/153s]
Running the tests in ‘tests/testthat.R’ failed.
Complete output:
> require(testthat)
Loading required package: testthat
> require(quanteda)
Loading required package: quanteda
Package version: 4.0.1
Unicode version: 15.0
ICU version: 72.1
Parallel computing: 3 of 32 threads used.
See https://quanteda.io for tutorials and examples.
> quanteda_options(threads = 2)
> test_check("LSX")
Loading required package: LSX
INFO [19:48:39.003] epoch 1, loss 0.1083
INFO [19:48:42.452] epoch 2, loss 0.0679
INFO [19:48:45.813] epoch 3, loss 0.0555
INFO [19:48:48.685] epoch 4, loss 0.0500
INFO [19:48:51.628] epoch 5, loss 0.0463
INFO [19:48:54.832] epoch 6, loss 0.0434
INFO [19:48:57.929] epoch 7, loss 0.0409
INFO [19:49:00.836] epoch 8, loss 0.0387
INFO [19:49:04.269] epoch 9, loss 0.0369
INFO [19:49:08.253] epoch 10, loss 0.0353
INFO [19:49:56.659] epoch 1, loss 0.0488
INFO [19:49:57.327] epoch 2, loss 0.0365
INFO [19:49:58.020] epoch 3, loss 0.0330
INFO [19:49:58.662] epoch 4, loss 0.0308
INFO [19:49:59.379] epoch 5, loss 0.0292
INFO [19:49:59.920] epoch 6, loss 0.0280
INFO [19:50:00.653] epoch 7, loss 0.0270
INFO [19:50:01.380] epoch 8, loss 0.0263
INFO [19:50:02.151] epoch 9, loss 0.0257
INFO [19:50:02.678] epoch 10, loss 0.0252
INFO [19:50:03.867] epoch 1, loss 0.0490
INFO [19:50:04.500] epoch 2, loss 0.0364
INFO [19:50:05.119] epoch 3, loss 0.0326
INFO [19:50:06.152] epoch 4, loss 0.0305
INFO [19:50:06.799] epoch 5, loss 0.0290
INFO [19:50:07.448] epoch 6, loss 0.0278
INFO [19:50:08.086] epoch 7, loss 0.0269
INFO [19:50:08.848] epoch 8, loss 0.0261
INFO [19:50:09.542] epoch 9, loss 0.0255
INFO [19:50:10.225] epoch 10, loss 0.0250
INFO [19:50:11.477] epoch 1, loss 0.0495
INFO [19:50:12.011] epoch 2, loss 0.0368
INFO [19:50:12.636] epoch 3, loss 0.0329
INFO [19:50:13.429] epoch 4, loss 0.0306
INFO [19:50:14.153] epoch 5, loss 0.0290
INFO [19:50:14.730] epoch 6, loss 0.0278
INFO [19:50:15.350] epoch 7, loss 0.0269
INFO [19:50:16.164] epoch 8, loss 0.0261
INFO [19:50:16.990] epoch 9, loss 0.0255
INFO [19:50:17.828] epoch 10, loss 0.0250
[ FAIL 1 | WARN 0 | SKIP 10 | PASS 220 ]
══ Skipped tests (10) ══════════════════════════════════════════════════════════
• On CRAN (10): 'test-as.textmodel.R:126:5', 'test-as.textmodel.R:146:5',
'test-textmodel.R:185:5', 'test-textmodel.R:192:5', 'test-textmodel.R:200:5',
'test-textmodel.R:240:5', 'test-textmodel.R:316:5', 'test-textmodel.R:357:5',
'test-textmodel.R:426:5', 'test-textmodel.R:451:5'
══ Failed tests ════════════════════════════════════════════════════════════════
── Failure ('test-textplot.R:110:5'): textplot_terms works with dictionary ─────
`print(textplot_terms(lss, data_dictionary_LSD2015, max_highlighted = 10))` produced warnings.
[ FAIL 1 | WARN 0 | SKIP 10 | PASS 220 ]
Error: Test failures
Execution halted
Flavor: r-devel-linux-x86_64-debian-clang
Version: 1.4.0
Check: data for non-ASCII characters
Result: NOTE
Note: found 2096 marked UTF-8 strings
Flavors: r-devel-linux-x86_64-fedora-clang, r-devel-linux-x86_64-fedora-gcc