CRAN Package Check Results for Package LSX

Last updated on 2021-12-02 12:54:48 CET.

Flavor Version Tinstall Tcheck Ttotal Status Flags
r-devel-linux-x86_64-debian-clang 1.0.2 13.20 261.37 274.57 OK
r-devel-linux-x86_64-debian-gcc 1.0.2 8.07 195.25 203.32 OK
r-devel-linux-x86_64-fedora-clang 1.0.2 350.84 NOTE
r-devel-linux-x86_64-fedora-gcc 1.0.2 368.36 NOTE
r-devel-windows-x86_64-new-UL 1.0.2 25.00 284.00 309.00 OK
r-devel-windows-x86_64-new-TK 1.0.2 NOTE
r-devel-windows-x86_64-old 1.0.2 18.00 234.00 252.00 OK
r-patched-linux-x86_64 1.0.2 15.67 276.65 292.32 OK
r-patched-solaris-x86 1.0.2 758.90 NOTE
r-release-linux-x86_64 1.0.2 10.65 275.44 286.09 OK
r-release-macos-arm64 1.0.2 NOTE
r-release-macos-x86_64 1.0.2 NOTE
r-release-windows-ix86+x86_64 1.0.2 27.00 289.00 316.00 OK
r-oldrel-macos-x86_64 1.0.2 NOTE
r-oldrel-windows-ix86+x86_64 1.0.2 28.00 288.00 316.00 OK

Check Details

Version: 1.0.2
Check: data for non-ASCII characters
Result: NOTE
     Note: found 2096 marked UTF-8 strings
Flavors: r-devel-linux-x86_64-fedora-clang, r-devel-linux-x86_64-fedora-gcc, r-devel-windows-x86_64-new-TK, r-patched-solaris-x86, r-release-macos-arm64, r-release-macos-x86_64, r-oldrel-macos-x86_64