Last updated on 2024-03-27 23:59:48 CET.
Flavor | Version | Tinstall | Tcheck | Ttotal | Status | Flags |
---|---|---|---|---|---|---|
r-devel-linux-x86_64-debian-clang | 0.5.3 | 17.93 | 71.00 | 88.93 | OK | |
r-devel-linux-x86_64-debian-gcc | 0.5.3 | 13.97 | 53.45 | 67.42 | OK | |
r-devel-linux-x86_64-fedora-clang | 0.5.3 | 110.24 | OK | |||
r-devel-linux-x86_64-fedora-gcc | 0.5.3 | 124.47 | OK | |||
r-devel-windows-x86_64 | 0.5.3 | 16.00 | 85.00 | 101.00 | ERROR | |
r-patched-linux-x86_64 | 0.5.3 | 15.95 | 67.82 | 83.77 | OK | |
r-release-linux-x86_64 | 0.5.3 | 17.32 | 66.03 | 83.35 | OK | |
r-release-macos-arm64 | 0.5.3 | 54.00 | OK | |||
r-release-macos-x86_64 | 0.5.3 | 113.00 | OK | |||
r-release-windows-x86_64 | 0.5.3 | 19.00 | 117.00 | 136.00 | OK | |
r-oldrel-macos-arm64 | 0.5.3 | 49.00 | OK | |||
r-oldrel-windows-x86_64 | 0.5.3 | 20.00 | 107.00 | 127.00 | OK |
Version: 0.5.3
Check: tests
Result: ERROR
Running 'testthat.R' [2s]
Running the tests in 'tests/testthat.R' failed.
Complete output:
> library(testthat)
> library(LWFBrook90R)
>
> test_check("LWFBrook90R")
Flavor: r-devel-windows-x86_64
Version: 0.5.3
Check: re-building of vignette outputs
Result: ERROR
Error(s) in re-building vignettes:
--- re-building 'LWFBook90R-1-Intro.Rmd' using rmarkdown
--- finished re-building 'LWFBook90R-1-Intro.Rmd'
--- re-building 'LWFBrook90R-2-Options_Param.Rmd' using rmarkdown
--- finished re-building 'LWFBrook90R-2-Options_Param.Rmd'
--- re-building 'LWFBrook90R-3-Multiruns.Rmd' using rmarkdown
--- finished re-building 'LWFBrook90R-3-Multiruns.Rmd'
--- re-building 'LWFBrook90R-4-Multisite-Runs.Rmd' using rmarkdown
SUMMARY: processing the following file failed:
'LWFBrook90R-4-Multisite-Runs.Rmd'
Error: Vignette re-building failed.
Execution halted
Flavor: r-devel-windows-x86_64