Last updated on 2023-06-02 18:52:48 CEST.
Flavor | Version | Tinstall | Tcheck | Ttotal | Status | Flags |
---|---|---|---|---|---|---|
r-devel-linux-x86_64-debian-clang | 1.7 | 6.18 | 34.82 | 41.00 | NOTE | |
r-devel-linux-x86_64-debian-gcc | 1.7 | 4.93 | 28.05 | 32.98 | NOTE | |
r-devel-linux-x86_64-fedora-clang | 1.7 | 53.72 | NOTE | |||
r-devel-linux-x86_64-fedora-gcc | 1.7 | 57.17 | NOTE | |||
r-devel-windows-x86_64 | 1.7 | 10.00 | 60.00 | 70.00 | NOTE | |
r-patched-linux-x86_64 | 1.7 | NOTE | ||||
r-release-linux-x86_64 | 1.7 | 5.17 | 34.54 | 39.71 | NOTE | |
r-release-macos-arm64 | 1.7 | 26.00 | NOTE | |||
r-release-macos-x86_64 | 1.7 | 33.00 | NOTE | |||
r-release-windows-x86_64 | 1.7 | 10.00 | 63.00 | 73.00 | NOTE | |
r-oldrel-macos-arm64 | 1.7 | 27.00 | OK | |||
r-oldrel-macos-x86_64 | 1.7 | 30.00 | OK | |||
r-oldrel-windows-x86_64 | 1.7 | 11.00 | 60.00 | 71.00 | OK |
Version: 1.7
Check: Rd files
Result: NOTE
checkRd: (-1) predict.lb.Rd:16: Escaped LaTeX specials: \$
Flavors: r-devel-linux-x86_64-debian-clang, r-devel-linux-x86_64-debian-gcc, r-devel-linux-x86_64-fedora-clang, r-devel-linux-x86_64-fedora-gcc, r-devel-windows-x86_64, r-patched-linux-x86_64, r-release-linux-x86_64, r-release-macos-arm64, r-release-macos-x86_64, r-release-windows-x86_64