CRAN Package Check Results for Package LifeInsuranceContracts

Last updated on 2022-06-26 12:54:50 CEST.

Flavor Version Tinstall Tcheck Ttotal Status Flags
r-devel-linux-x86_64-debian-clang 0.0.3 16.13 138.03 154.16 OK
r-devel-linux-x86_64-debian-gcc 0.0.3 13.63 100.63 114.26 OK
r-devel-linux-x86_64-fedora-clang 0.0.3 207.60 NOTE
r-devel-linux-x86_64-fedora-gcc 0.0.3 192.63 NOTE
r-devel-windows-x86_64 0.0.3 396.00 169.00 565.00 OK
r-patched-linux-x86_64 0.0.3 23.79 129.85 153.64 OK
r-release-linux-x86_64 0.0.3 15.95 129.81 145.76 OK
r-release-macos-arm64 0.0.3 47.00 NOTE
r-release-macos-x86_64 0.0.3 91.00 NOTE
r-release-windows-x86_64 0.0.3 444.00 161.00 605.00 OK
r-oldrel-macos-arm64 0.0.3 69.00 NOTE
r-oldrel-macos-x86_64 0.0.3 63.00 NOTE
r-oldrel-windows-ix86+x86_64 0.0.3 33.00 160.00 193.00 OK

Check Details

Version: 0.0.3
Check: dependencies in R code
Result: NOTE
    Namespaces in Imports field not imported from:
     ‘kableExtra’ ‘pander’
     All declared Imports should be used.
Flavors: r-devel-linux-x86_64-fedora-clang, r-devel-linux-x86_64-fedora-gcc, r-release-macos-arm64, r-release-macos-x86_64, r-oldrel-macos-arm64, r-oldrel-macos-x86_64