Last updated on 2024-07-18 00:54:57 CEST.
Flavor | Version | Tinstall | Tcheck | Ttotal | Status | Flags |
---|---|---|---|---|---|---|
r-devel-linux-x86_64-debian-clang | 1.0.0 | 21.63 | 224.92 | 246.55 | OK | |
r-devel-linux-x86_64-debian-gcc | 1.0.0 | 18.14 | 170.97 | 189.11 | OK | |
r-devel-linux-x86_64-fedora-clang | 1.0.0 | 311.70 | OK | |||
r-devel-linux-x86_64-fedora-gcc | 1.0.0 | 308.37 | OK | |||
r-devel-windows-x86_64 | 1.0.0 | 20.00 | 185.00 | 205.00 | NOTE | |
r-patched-linux-x86_64 | 1.0.0 | 28.47 | 217.85 | 246.32 | OK | |
r-release-linux-x86_64 | 1.0.0 | 15.19 | 215.59 | 230.78 | OK | |
r-release-macos-arm64 | 1.0.0 | 96.00 | OK | |||
r-release-macos-x86_64 | 1.0.0 | 167.00 | OK | |||
r-release-windows-x86_64 | 1.0.0 | 21.00 | 185.00 | 206.00 | OK | |
r-oldrel-macos-arm64 | 1.0.0 | 101.00 | OK | |||
r-oldrel-macos-x86_64 | 1.0.0 | 195.00 | OK | |||
r-oldrel-windows-x86_64 | 1.0.0 | 27.00 | 237.00 | 264.00 | OK |
Version: 1.0.0
Check: Rd cross-references
Result: NOTE
Found the following Rd file(s) with Rd \link{} targets missing package
anchors:
InsuranceContract.ParameterDefaults.Rd: mortalityTable
makeContractGridDimname.Rd: mortalityTable
Please provide package anchors for all Rd \link{} targets not in the
package itself and the base packages.
Flavor: r-devel-windows-x86_64