Last updated on 2024-04-24 09:21:49 CEST.
Flavor | Version | Tinstall | Tcheck | Ttotal | Status | Flags |
---|---|---|---|---|---|---|
r-devel-linux-x86_64-debian-clang | 1.0 | 3.22 | 31.16 | 34.38 | NOTE | |
r-devel-linux-x86_64-debian-gcc | 1.0 | 2.34 | 23.31 | 25.65 | NOTE | |
r-devel-linux-x86_64-fedora-clang | 1.0 | 45.90 | NOTE | |||
r-devel-linux-x86_64-fedora-gcc | 1.0 | 43.06 | NOTE | |||
r-patched-linux-x86_64 | 1.0 | 4.58 | 30.34 | 34.92 | NOTE | |
r-release-linux-x86_64 | 1.0 | 2.46 | 30.67 | 33.13 | NOTE | |
r-release-macos-arm64 | 1.0 | 21.00 | NOTE | |||
r-release-windows-x86_64 | 1.0 | 3.00 | 47.00 | 50.00 | NOTE | |
r-oldrel-macos-arm64 | 1.0 | 22.00 | NOTE | |||
r-oldrel-macos-x86_64 | 1.0 | 26.00 | NOTE | |||
r-oldrel-windows-x86_64 | 1.0 | 5.00 | 52.00 | 57.00 | NOTE |
Version: 1.0
Check: package dependencies
Result: NOTE
Packages suggested but not available for checking:
'gWidgets', 'gWidgetsRGtk2', 'RGtk2'
Flavors: r-devel-linux-x86_64-debian-clang, r-devel-linux-x86_64-debian-gcc, r-devel-linux-x86_64-fedora-clang, r-devel-linux-x86_64-fedora-gcc, r-patched-linux-x86_64, r-release-linux-x86_64, r-release-macos-arm64, r-release-windows-x86_64, r-oldrel-macos-arm64, r-oldrel-macos-x86_64, r-oldrel-windows-x86_64